Last updated on 2025-04-30 04:50:20 CEST.
Flavor | Version | Tinstall | Tcheck | Ttotal | Status | Flags |
---|---|---|---|---|---|---|
r-devel-linux-x86_64-debian-clang | 1.0.3 | 17.72 | 153.70 | 171.42 | NOTE | |
r-devel-linux-x86_64-debian-gcc | 1.0.3 | 11.00 | 105.77 | 116.77 | NOTE | |
r-devel-linux-x86_64-fedora-clang | 1.0.3 | 271.87 | OK | |||
r-devel-linux-x86_64-fedora-gcc | 1.0.3 | 251.94 | OK | |||
r-devel-windows-x86_64 | 1.0.3 | 18.00 | 166.00 | 184.00 | OK | |
r-patched-linux-x86_64 | 1.0.3 | 16.87 | 142.52 | 159.39 | OK | |
r-release-linux-x86_64 | 1.0.3 | 14.66 | 139.56 | 154.22 | OK | |
r-release-macos-arm64 | 1.0.3 | 72.00 | OK | |||
r-release-macos-x86_64 | 1.0.3 | 139.00 | OK | |||
r-release-windows-x86_64 | 1.0.3 | 19.00 | 163.00 | 182.00 | OK | |
r-oldrel-macos-arm64 | 1.0.3 | 76.00 | OK | |||
r-oldrel-macos-x86_64 | 1.0.3 | 113.00 | OK | |||
r-oldrel-windows-x86_64 | 1.0.3 | 23.00 | 207.00 | 230.00 | OK |
Version: 1.0.3
Check: CRAN incoming feasibility
Result: NOTE
Maintainer: ‘Kelli F. Johnson <kelli.johnson@noaa.gov>’
Package CITATION file contains call(s) to old-style personList() or
as.personList(). Please use c() on person objects instead.
Package CITATION file contains call(s) to old-style citEntry(). Please
use bibentry() instead.
Flavors: r-devel-linux-x86_64-debian-clang, r-devel-linux-x86_64-debian-gcc