Last updated on 2025-04-30 04:50:20 CEST.
Flavor | Version | Tinstall | Tcheck | Ttotal | Status | Flags |
---|---|---|---|---|---|---|
r-devel-linux-x86_64-debian-clang | 1.1.0 | 17.11 | 395.83 | 412.94 | NOTE | |
r-devel-linux-x86_64-debian-gcc | 1.1.0 | 11.72 | 256.37 | 268.09 | NOTE | |
r-devel-linux-x86_64-fedora-clang | 1.1.0 | 480.93 | OK | |||
r-devel-linux-x86_64-fedora-gcc | 1.1.0 | 650.49 | OK | |||
r-devel-windows-x86_64 | 1.1.0 | 19.00 | 315.00 | 334.00 | OK | |
r-patched-linux-x86_64 | 1.1.0 | 17.52 | 372.46 | 389.98 | OK | |
r-release-linux-x86_64 | 1.1.0 | 17.35 | 374.13 | 391.48 | OK | |
r-release-macos-arm64 | 1.1.0 | 275.00 | OK | |||
r-release-macos-x86_64 | 1.1.0 | 333.00 | OK | |||
r-release-windows-x86_64 | 1.1.0 | 20.00 | 295.00 | 315.00 | OK | |
r-oldrel-macos-arm64 | 1.1.0 | 183.00 | OK | |||
r-oldrel-macos-x86_64 | 1.1.0 | 309.00 | OK | |||
r-oldrel-windows-x86_64 | 1.1.0 | 23.00 | 413.00 | 436.00 | OK |
Version: 1.1.0
Check: examples
Result: NOTE
Examples with CPU (user + system) or elapsed time > 5s
user system elapsed
plot_scores 9.617 1.422 13.521
biplot.PCAloc 9.420 1.597 13.097
screeplot.PCAloc 9.706 1.290 13.846
plot_loadings 9.409 1.408 12.500
plot_score_distances 9.113 1.363 12.358
Flavor: r-devel-linux-x86_64-debian-clang
Version: 1.1.0
Check: examples
Result: NOTE
Examples with CPU (user + system) or elapsed time > 5s
user system elapsed
plot_scores 5.084 1.916 8.129
screeplot.PCAloc 5.142 1.843 8.648
biplot.PCAloc 4.998 1.815 8.292
plot_loadings 5.120 1.667 7.280
plot_score_distances 4.995 1.590 7.287
Flavor: r-devel-linux-x86_64-debian-gcc