Last updated on 2025-04-30 04:50:20 CEST.
Flavor | Version | Tinstall | Tcheck | Ttotal | Status | Flags |
---|---|---|---|---|---|---|
r-devel-linux-x86_64-debian-clang | 0.1.2 | 14.03 | 118.69 | 132.72 | NOTE | |
r-devel-linux-x86_64-debian-gcc | 0.1.2 | 9.14 | 83.41 | 92.55 | NOTE | |
r-devel-linux-x86_64-fedora-clang | 0.1.2 | 230.41 | OK | |||
r-devel-linux-x86_64-fedora-gcc | 0.1.2 | 534.59 | OK | |||
r-devel-windows-x86_64 | 0.1.2 | 15.00 | 121.00 | 136.00 | OK | |
r-patched-linux-x86_64 | 0.1.2 | 13.50 | 110.99 | 124.49 | OK | |
r-release-linux-x86_64 | 0.1.2 | 12.50 | 113.90 | 126.40 | OK | |
r-release-macos-arm64 | 0.1.2 | 217.00 | OK | |||
r-release-macos-x86_64 | 0.1.2 | 484.00 | OK | |||
r-release-windows-x86_64 | 0.1.2 | 14.00 | 119.00 | 133.00 | OK | |
r-oldrel-macos-arm64 | 0.1.2 | 216.00 | OK | |||
r-oldrel-macos-x86_64 | 0.1.2 | 358.00 | OK | |||
r-oldrel-windows-x86_64 | 0.1.2 | 18.00 | 152.00 | 170.00 | OK |
Version: 0.1.2
Check: examples
Result: NOTE
Examples with CPU (user + system) or elapsed time > 5s
user system elapsed
MRWR 6.079 2.203 12.106
Oncoplot 6.405 0.531 4.705
Flavor: r-devel-linux-x86_64-debian-clang
Version: 0.1.2
Check: examples
Result: NOTE
Examples with CPU (user + system) or elapsed time > 5s
user system elapsed
MRWR 4.14 2.212 7.504
Flavor: r-devel-linux-x86_64-debian-gcc