Last updated on 2025-04-30 04:50:20 CEST.
Flavor | Version | Tinstall | Tcheck | Ttotal | Status | Flags |
---|---|---|---|---|---|---|
r-devel-linux-x86_64-debian-clang | 2.1-0 | 3.93 | 79.13 | 83.06 | NOTE | |
r-devel-linux-x86_64-debian-gcc | 2.1-0 | 2.62 | 55.72 | 58.34 | NOTE | |
r-devel-linux-x86_64-fedora-clang | 2.1-0 | 139.10 | OK | |||
r-devel-linux-x86_64-fedora-gcc | 2.1-0 | 137.43 | OK | |||
r-devel-windows-x86_64 | 2.1-0 | 6.00 | 132.00 | 138.00 | OK | |
r-patched-linux-x86_64 | 2.1-0 | 3.77 | 73.94 | 77.71 | OK | |
r-release-linux-x86_64 | 2.1-0 | 3.12 | 74.64 | 77.76 | OK | |
r-release-macos-arm64 | 2.1-0 | 53.00 | OK | |||
r-release-macos-x86_64 | 2.1-0 | 96.00 | OK | |||
r-release-windows-x86_64 | 2.1-0 | 4.00 | 134.00 | 138.00 | OK | |
r-oldrel-macos-arm64 | 2.1-0 | 43.00 | OK | |||
r-oldrel-macos-x86_64 | 2.1-0 | 77.00 | OK | |||
r-oldrel-windows-x86_64 | 2.1-0 | 4.00 | 147.00 | 151.00 | OK |
Version: 2.1-0
Check: examples
Result: NOTE
Examples with CPU (user + system) or elapsed time > 5s
user system elapsed
coBC 6.307 0.309 8.875
Flavor: r-devel-linux-x86_64-debian-clang
Version: 2.1-0
Check: examples
Result: NOTE
Examples with CPU (user + system) or elapsed time > 5s
user system elapsed
coBC 4.186 0.358 5.598
Flavor: r-devel-linux-x86_64-debian-gcc