Last updated on 2025-04-30 04:50:20 CEST.
Flavor | Version | Tinstall | Tcheck | Ttotal | Status | Flags |
---|---|---|---|---|---|---|
r-devel-linux-x86_64-debian-clang | 0.1.1 | 54.47 | 454.04 | 508.51 | OK | |
r-devel-linux-x86_64-debian-gcc | 0.1.1 | 44.44 | 337.60 | 382.04 | OK | |
r-devel-linux-x86_64-fedora-clang | 0.1.1 | 851.25 | OK | |||
r-devel-linux-x86_64-fedora-gcc | 0.1.1 | 784.15 | OK | |||
r-devel-windows-x86_64 | 0.1.1 | 55.00 | 376.00 | 431.00 | OK | |
r-patched-linux-x86_64 | 0.1.1 | 49.94 | 437.52 | 487.46 | OK | |
r-release-linux-x86_64 | 0.1.1 | 52.48 | 425.35 | 477.83 | OK | |
r-release-macos-arm64 | 0.1.1 | 5.00 | ERROR | |||
r-release-macos-x86_64 | 0.1.1 | 390.00 | OK | |||
r-release-windows-x86_64 | 0.1.1 | 54.00 | 381.00 | 435.00 | OK | |
r-oldrel-macos-arm64 | 0.1.1 | 199.00 | OK | |||
r-oldrel-macos-x86_64 | 0.1.1 | 578.00 | OK | |||
r-oldrel-windows-x86_64 | 0.1.1 | 60.00 | 503.00 | 563.00 | OK |
Version: 0.1.1
Check: package dependencies
Result: ERROR
Package required but not available: ‘org.Hs.eg.db’
See section ‘The DESCRIPTION file’ in the ‘Writing R Extensions’
manual.
Flavor: r-release-macos-arm64