CRAN Package Check Results for Package ssfit

Last updated on 2025-04-30 04:50:20 CEST.

Flavor Version Tinstall Tcheck Ttotal Status Flags
r-devel-linux-x86_64-debian-clang 1.2 7.66 60.03 67.69 NOTE
r-devel-linux-x86_64-debian-gcc 1.2 5.22 44.79 50.01 NOTE
r-devel-linux-x86_64-fedora-clang 1.2 113.28 OK
r-devel-linux-x86_64-fedora-gcc 1.2 100.34 OK
r-devel-windows-x86_64 1.2 7.00 70.00 77.00 OK
r-patched-linux-x86_64 1.2 6.18 57.12 63.30 OK
r-release-linux-x86_64 1.2 7.20 57.66 64.86 OK
r-release-macos-arm64 1.2 37.00 OK
r-release-macos-x86_64 1.2 63.00 OK
r-release-windows-x86_64 1.2 8.00 72.00 80.00 OK
r-oldrel-macos-arm64 1.2 32.00 OK
r-oldrel-macos-x86_64 1.2 47.00 OK
r-oldrel-windows-x86_64 1.2 9.00 80.00 89.00 OK

Check Details

Version: 1.2
Check: CRAN incoming feasibility
Result: NOTE Maintainer: ‘Christiana Kartsonaki <christiana.kartsonaki@gmail.com>’ No Authors@R field in DESCRIPTION. Please add one, modifying Authors@R: person(given = "Christiana", family = "Kartsonaki", role = c("aut", "cre"), email = "christiana.kartsonaki@gmail.com") as necessary. Flavors: r-devel-linux-x86_64-debian-clang, r-devel-linux-x86_64-debian-gcc