Last updated on 2025-04-30 04:50:20 CEST.
Flavor | Version | Tinstall | Tcheck | Ttotal | Status | Flags |
---|---|---|---|---|---|---|
r-devel-linux-x86_64-debian-clang | 1.15 | 8.82 | 37.67 | 46.49 | NOTE | |
r-devel-linux-x86_64-debian-gcc | 1.15 | 6.12 | 34.83 | 40.95 | NOTE | |
r-devel-linux-x86_64-fedora-clang | 1.15 | 79.01 | NOTE | |||
r-devel-linux-x86_64-fedora-gcc | 1.15 | 77.18 | NOTE | |||
r-devel-windows-x86_64 | 1.15 | 13.00 | 66.00 | 79.00 | NOTE | |
r-patched-linux-x86_64 | 1.15 | 8.72 | 33.02 | 41.74 | NOTE | |
r-release-linux-x86_64 | 1.15 | 8.21 | 31.93 | 40.14 | NOTE | |
r-release-macos-arm64 | 1.15 | 29.00 | NOTE | |||
r-release-macos-x86_64 | 1.15 | 46.00 | NOTE | |||
r-release-windows-x86_64 | 1.15 | 16.00 | 68.00 | 84.00 | NOTE | |
r-oldrel-macos-arm64 | 1.15 | 30.00 | NOTE | |||
r-oldrel-macos-x86_64 | 1.15 | 41.00 | NOTE | |||
r-oldrel-windows-x86_64 | 1.15 | 17.00 | 71.00 | 88.00 | NOTE |
Version: 1.15
Check: CRAN incoming feasibility
Result: NOTE
Maintainer: ‘Reza Mohammadi <a.mohammadi@uva.nl>’
Package CITATION file contains call(s) to old-style personList() or
as.personList(). Please use c() on person objects instead.
Package CITATION file contains call(s) to old-style citEntry(). Please
use bibentry() instead.
Flavors: r-devel-linux-x86_64-debian-clang, r-devel-linux-x86_64-debian-gcc
Version: 1.15
Check: C++ specification
Result: NOTE
Specified C++11: please drop specification unless essential
Flavors: r-devel-linux-x86_64-debian-clang, r-devel-linux-x86_64-debian-gcc, r-devel-linux-x86_64-fedora-clang, r-devel-linux-x86_64-fedora-gcc, r-devel-windows-x86_64, r-patched-linux-x86_64, r-release-linux-x86_64, r-release-macos-arm64, r-release-macos-x86_64, r-release-windows-x86_64, r-oldrel-macos-arm64, r-oldrel-macos-x86_64, r-oldrel-windows-x86_64