Last updated on 2025-04-30 04:50:20 CEST.
Flavor | Version | Tinstall | Tcheck | Ttotal | Status | Flags |
---|---|---|---|---|---|---|
r-devel-linux-x86_64-debian-clang | 1.0.4 | 16.42 | 183.40 | 199.82 | NOTE | |
r-devel-linux-x86_64-debian-gcc | 1.0.4 | 8.32 | 124.62 | 132.94 | OK | |
r-devel-linux-x86_64-fedora-clang | 1.0.4 | 317.43 | OK | |||
r-devel-linux-x86_64-fedora-gcc | 1.0.4 | 301.38 | OK | |||
r-devel-windows-x86_64 | 1.0.4 | 15.00 | 187.00 | 202.00 | OK | |
r-patched-linux-x86_64 | 1.0.4 | 14.34 | 169.00 | 183.34 | OK | |
r-release-linux-x86_64 | 1.0.4 | 12.89 | 171.45 | 184.34 | OK | |
r-release-macos-arm64 | 1.0.4 | 84.00 | OK | |||
r-release-macos-x86_64 | 1.0.4 | 105.00 | OK | |||
r-release-windows-x86_64 | 1.0.4 | 15.00 | 183.00 | 198.00 | OK | |
r-oldrel-macos-arm64 | 1.0.4 | 99.00 | OK | |||
r-oldrel-macos-x86_64 | 1.0.4 | 117.00 | OK | |||
r-oldrel-windows-x86_64 | 1.0.4 | 20.00 | 223.00 | 243.00 | OK |
Version: 1.0.4
Check: examples
Result: NOTE
Examples with CPU (user + system) or elapsed time > 5s
user system elapsed
ssifs 5.154 0.068 7.018
spike.slab 4.391 0.182 5.994
Flavor: r-devel-linux-x86_64-debian-clang