CRAN Package Check Results for Package ssimparser

Last updated on 2025-04-30 04:50:20 CEST.

Flavor Version Tinstall Tcheck Ttotal Status Flags
r-devel-linux-x86_64-debian-clang 0.1.1 2.00 24.23 26.23 NOTE
r-devel-linux-x86_64-debian-gcc 0.1.1 1.53 19.69 21.22 NOTE
r-devel-linux-x86_64-fedora-clang 0.1.1 42.31 OK
r-devel-linux-x86_64-fedora-gcc 0.1.1 37.46 OK
r-devel-windows-x86_64 0.1.1 4.00 51.00 55.00 OK
r-patched-linux-x86_64 0.1.1 2.13 22.45 24.58 OK
r-release-linux-x86_64 0.1.1 2.02 22.24 24.26 OK
r-release-macos-arm64 0.1.1 17.00 OK
r-release-macos-x86_64 0.1.1 29.00 OK
r-release-windows-x86_64 0.1.1 5.00 52.00 57.00 OK
r-oldrel-macos-arm64 0.1.1 17.00 OK
r-oldrel-macos-x86_64 0.1.1 27.00 OK
r-oldrel-windows-x86_64 0.1.1 5.00 57.00 62.00 OK

Check Details

Version: 0.1.1
Check: CRAN incoming feasibility
Result: NOTE Maintainer: ‘Sebastien Thonnard <sebastien.thonnard@icloud.com>’ No Authors@R field in DESCRIPTION. Please add one, modifying Authors@R: person(given = "Sebastien", family = "Thonnard", role = c("aut", "cre"), email = "sebastien.thonnard@icloud.com") as necessary. Flavors: r-devel-linux-x86_64-debian-clang, r-devel-linux-x86_64-debian-gcc