Last updated on 2025-04-30 04:50:20 CEST.
Flavor | Version | Tinstall | Tcheck | Ttotal | Status | Flags |
---|---|---|---|---|---|---|
r-devel-linux-x86_64-debian-clang | 1.3 | 2.56 | 30.75 | 33.31 | NOTE | |
r-devel-linux-x86_64-debian-gcc | 1.3 | 2.02 | 22.22 | 24.24 | NOTE | |
r-devel-linux-x86_64-fedora-clang | 1.3 | 57.11 | OK | |||
r-devel-linux-x86_64-fedora-gcc | 1.3 | 50.64 | OK | |||
r-devel-windows-x86_64 | 1.3 | 3.00 | 55.00 | 58.00 | OK | |
r-patched-linux-x86_64 | 1.3 | 2.85 | 28.64 | 31.49 | OK | |
r-release-linux-x86_64 | 1.3 | 2.21 | 28.72 | 30.93 | OK | |
r-release-macos-arm64 | 1.3 | 20.00 | OK | |||
r-release-macos-x86_64 | 1.3 | 34.00 | OK | |||
r-release-windows-x86_64 | 1.3 | 5.00 | 58.00 | 63.00 | OK | |
r-oldrel-macos-arm64 | 1.3 | 18.00 | OK | |||
r-oldrel-macos-x86_64 | 1.3 | 35.00 | OK | |||
r-oldrel-windows-x86_64 | 1.3 | 3.00 | 54.00 | 57.00 | OK |
Version: 1.3
Check: CRAN incoming feasibility
Result: NOTE
Maintainer: ‘Megan Orr <megan.orr@ndsu.edu>’
No Authors@R field in DESCRIPTION.
Please add one, modifying
Authors@R: c(person(given = "Megan",
family = "Orr",
role = c("aut", "cre"),
email = "megan.orr@ndsu.edu"),
person(given = "Peng",
family = "Liu",
role = "aut"))
as necessary.
Flavors: r-devel-linux-x86_64-debian-clang, r-devel-linux-x86_64-debian-gcc