CRAN Package Check Results for Package ssmrob

Last updated on 2025-04-30 04:50:20 CEST.

Flavor Version Tinstall Tcheck Ttotal Status Flags
r-devel-linux-x86_64-debian-clang 1.0 9.02 82.28 91.30 NOTE
r-devel-linux-x86_64-debian-gcc 1.0 7.20 59.98 67.18 NOTE
r-devel-linux-x86_64-fedora-clang 1.0 152.18 OK
r-devel-linux-x86_64-fedora-gcc 1.0 137.98 OK
r-devel-windows-x86_64 1.0 12.00 97.00 109.00 OK
r-patched-linux-x86_64 1.0 9.68 77.60 87.28 OK
r-release-linux-x86_64 1.0 9.15 78.94 88.09 OK
r-release-macos-arm64 1.0 38.00 OK
r-release-macos-x86_64 1.0 73.00 OK
r-release-windows-x86_64 1.0 11.00 95.00 106.00 OK
r-oldrel-macos-arm64 1.0 39.00 OK
r-oldrel-macos-x86_64 1.0 60.00 OK
r-oldrel-windows-x86_64 1.0 14.00 116.00 130.00 OK

Check Details

Version: 1.0
Check: CRAN incoming feasibility
Result: NOTE Maintainer: ‘Mikhail Zhelonkin <Mikhail.Zhelonkin@gmail.com>’ No Authors@R field in DESCRIPTION. Please add one, modifying Authors@R: c(person(given = "Mikhail", family = "Zhelonkin", role = c("aut", "cre"), email = "mikhail.zhelonkin@gmail.com"), person(given = c("Marc", "G."), family = "Genton", role = "aut"), person(given = "Elvezio", family = "Ronchetti", role = "aut")) as necessary. Flavors: r-devel-linux-x86_64-debian-clang, r-devel-linux-x86_64-debian-gcc

Version: 1.0
Check: examples
Result: NOTE Examples with CPU (user + system) or elapsed time > 5s user system elapsed etregrob 3.335 0.304 6.861 Flavor: r-devel-linux-x86_64-debian-clang