Last updated on 2025-04-30 04:50:20 CEST.
Flavor | Version | Tinstall | Tcheck | Ttotal | Status | Flags |
---|---|---|---|---|---|---|
r-devel-linux-x86_64-debian-clang | 1.1.28 | 18.33 | 248.91 | 267.24 | NOTE | |
r-devel-linux-x86_64-debian-gcc | 1.1.28 | 11.72 | 165.88 | 177.60 | NOTE | |
r-devel-linux-x86_64-fedora-clang | 1.1.28 | 410.85 | NOTE | |||
r-devel-linux-x86_64-fedora-gcc | 1.1.28 | 389.80 | NOTE | |||
r-devel-windows-x86_64 | 1.1.28 | 20.00 | 305.00 | 325.00 | NOTE | |
r-patched-linux-x86_64 | 1.1.28 | 19.23 | 230.73 | 249.96 | NOTE | |
r-release-linux-x86_64 | 1.1.28 | 16.28 | 232.04 | 248.32 | NOTE | |
r-release-macos-arm64 | 1.1.28 | 120.00 | NOTE | |||
r-release-macos-x86_64 | 1.1.28 | 228.00 | NOTE | |||
r-release-windows-x86_64 | 1.1.28 | 22.00 | 289.00 | 311.00 | NOTE | |
r-oldrel-macos-arm64 | 1.1.28 | 123.00 | NOTE | |||
r-oldrel-macos-x86_64 | 1.1.28 | 191.00 | NOTE | |||
r-oldrel-windows-x86_64 | 1.1.28 | 26.00 | 390.00 | 416.00 | NOTE |
Version: 1.1.28
Check: Rd files
Result: NOTE
checkRd: (-1) abs_parms.Rd:67: Lost braces; missing escapes or markup?
67 | \item $S_{275-295}$ slope between 275 and 295 nm calculated with nonlinear regression
| ^
checkRd: (-1) abs_parms.Rd:68: Lost braces; missing escapes or markup?
68 | \item $S_{350-400}$ slope between 350 and 400 nm calculated with nonlinear regression
| ^
checkRd: (-1) abs_parms.Rd:69: Lost braces; missing escapes or markup?
69 | \item $S_{300-700}$ slope between 275 and 295 nm calculated with nonlinear regression
| ^
checkRd: (-1) abs_parms.Rd:70: Lost braces; missing escapes or markup?
70 | \item SR slope ratio, calculated by $S_{275-295}$/$S_{350-400}$
| ^
checkRd: (-1) abs_parms.Rd:70: Lost braces; missing escapes or markup?
70 | \item SR slope ratio, calculated by $S_{275-295}$/$S_{350-400}$
| ^
checkRd: (-1) abs_parms.Rd:71: Lost braces; missing escapes or markup?
71 | \item E2:E3 ratio $a_{250}$/$a_{365}$
| ^
checkRd: (-1) abs_parms.Rd:71: Lost braces; missing escapes or markup?
71 | \item E2:E3 ratio $a_{250}$/$a_{365}$
| ^
checkRd: (-1) abs_parms.Rd:72: Lost braces; missing escapes or markup?
72 | \item E4:E6 ratio $a_{465}$/$a_{665}$
| ^
checkRd: (-1) abs_parms.Rd:72: Lost braces; missing escapes or markup?
72 | \item E4:E6 ratio $a_{465}$/$a_{665}$
| ^
checkRd: (-1) abs_parms.Rd:73: Lost braces; missing escapes or markup?
73 | \item $a_{254}$ absorbance at 254 nm
| ^
checkRd: (-1) abs_parms.Rd:74: Lost braces; missing escapes or markup?
74 | \item $a_{300}$ absorbance at 300 nm
| ^
Flavors: r-devel-linux-x86_64-debian-clang, r-devel-linux-x86_64-debian-gcc, r-devel-linux-x86_64-fedora-clang, r-devel-linux-x86_64-fedora-gcc, r-devel-windows-x86_64, r-patched-linux-x86_64, r-release-linux-x86_64, r-release-macos-arm64, r-release-macos-x86_64, r-release-windows-x86_64, r-oldrel-macos-arm64, r-oldrel-macos-x86_64, r-oldrel-windows-x86_64
Version: 1.1.28
Check: Rd cross-references
Result: NOTE
Found the following Rd file(s) with Rd \link{} targets missing package
anchors:
ggeem.Rd: eem_extract
Please provide package anchors for all Rd \link{} targets not in the
package itself and the base packages.
Flavors: r-devel-linux-x86_64-debian-clang, r-devel-linux-x86_64-debian-gcc, r-devel-windows-x86_64, r-patched-linux-x86_64, r-release-linux-x86_64, r-release-windows-x86_64
Version: 1.1.28
Check: examples
Result: NOTE
Examples with CPU (user + system) or elapsed time > 5s
user system elapsed
eem_checkdata 0.110 0.006 6.820
absorbance_read 0.072 0.008 8.101
Flavor: r-devel-linux-x86_64-debian-clang