Last updated on 2025-04-30 04:50:20 CEST.
Flavor | Version | Tinstall | Tcheck | Ttotal | Status | Flags |
---|---|---|---|---|---|---|
r-devel-linux-x86_64-debian-clang | 1.2.2 | 63.83 | 40.32 | 104.15 | OK | |
r-devel-linux-x86_64-debian-gcc | 1.2.2 | 53.33 | 34.74 | 88.07 | OK | |
r-devel-linux-x86_64-fedora-clang | 1.2.2 | 163.05 | OK | |||
r-devel-linux-x86_64-fedora-gcc | 1.2.2 | 190.42 | OK | |||
r-devel-windows-x86_64 | 1.2.2 | 61.00 | 85.00 | 146.00 | OK | |
r-patched-linux-x86_64 | 1.2.2 | 69.63 | 43.37 | 113.00 | OK | |
r-release-linux-x86_64 | 1.2.2 | 68.73 | 43.93 | 112.66 | OK | |
r-release-macos-arm64 | 1.2.2 | 61.00 | OK | |||
r-release-macos-x86_64 | 1.2.2 | 105.00 | OK | |||
r-release-windows-x86_64 | 1.2.2 | 63.00 | 84.00 | 147.00 | OK | |
r-oldrel-macos-arm64 | 1.2.2 | 52.00 | NOTE | |||
r-oldrel-macos-x86_64 | 1.2.2 | 133.00 | NOTE | |||
r-oldrel-windows-x86_64 | 1.2.2 | 70.00 | 93.00 | 163.00 | OK |
Version: 1.2.2
Check: installed package size
Result: NOTE
installed size is 35.7Mb
sub-directories of 1Mb or more:
libs 35.1Mb
Flavors: r-oldrel-macos-arm64, r-oldrel-macos-x86_64