Last updated on 2025-04-30 04:50:20 CEST.
Flavor | Version | Tinstall | Tcheck | Ttotal | Status | Flags |
---|---|---|---|---|---|---|
r-devel-linux-x86_64-debian-clang | 0.8.0 | 2.44 | 46.72 | 49.16 | NOTE | --no-vignettes |
r-devel-linux-x86_64-debian-gcc | 0.8.0 | 2.04 | 33.88 | 35.92 | OK | --no-vignettes |
r-devel-linux-x86_64-fedora-clang | 0.8.0 | 856.36 | OK | |||
r-devel-linux-x86_64-fedora-gcc | 0.8.0 | 875.84 | OK | |||
r-devel-windows-x86_64 | 0.8.0 | 4.00 | 427.00 | 431.00 | OK | |
r-patched-linux-x86_64 | 0.8.0 | 2.66 | 42.69 | 45.35 | OK | --no-vignettes |
r-release-linux-x86_64 | 0.8.0 | 2.55 | 42.37 | 44.92 | OK | --no-vignettes |
r-release-macos-arm64 | 0.8.0 | 188.00 | OK | |||
r-release-macos-x86_64 | 0.8.0 | 519.00 | OK | |||
r-release-windows-x86_64 | 0.8.0 | 4.00 | 429.00 | 433.00 | OK | |
r-oldrel-macos-arm64 | 0.8.0 | 249.00 | OK | |||
r-oldrel-macos-x86_64 | 0.8.0 | 514.00 | OK | |||
r-oldrel-windows-x86_64 | 0.8.0 | 4.00 | 542.00 | 546.00 | OK |
Version: 0.8.0
Flags: --no-vignettes
Check: examples
Result: NOTE
Examples with CPU (user + system) or elapsed time > 5s
user system elapsed
staple_bin_img 5.392 0.072 7.183
staple 4.807 0.124 6.406
Flavor: r-devel-linux-x86_64-debian-clang