Last updated on 2025-04-30 04:50:20 CEST.
Flavor | Version | Tinstall | Tcheck | Ttotal | Status | Flags |
---|---|---|---|---|---|---|
r-devel-linux-x86_64-debian-clang | 0.0.7 | 5.01 | 84.32 | 89.33 | NOTE | |
r-devel-linux-x86_64-debian-gcc | 0.0.7 | 4.17 | 61.24 | 65.41 | OK | |
r-devel-linux-x86_64-fedora-clang | 0.0.7 | 150.75 | OK | |||
r-devel-linux-x86_64-fedora-gcc | 0.0.7 | 157.07 | OK | |||
r-devel-windows-x86_64 | 0.0.7 | 7.00 | 104.00 | 111.00 | OK | |
r-patched-linux-x86_64 | 0.0.7 | 5.03 | 82.25 | 87.28 | OK | |
r-release-linux-x86_64 | 0.0.7 | 5.86 | 80.25 | 86.11 | OK | |
r-release-macos-arm64 | 0.0.7 | 79.00 | OK | |||
r-release-macos-x86_64 | 0.0.7 | 102.00 | OK | |||
r-release-windows-x86_64 | 0.0.7 | 7.00 | 102.00 | 109.00 | OK | |
r-oldrel-macos-arm64 | 0.0.7 | 55.00 | OK | |||
r-oldrel-macos-x86_64 | 0.0.7 | 107.00 | OK | |||
r-oldrel-windows-x86_64 | 0.0.7 | 10.00 | 119.00 | 129.00 | OK |
Version: 0.0.7
Check: examples
Result: NOTE
Examples with CPU (user + system) or elapsed time > 5s
user system elapsed
coef.starnet 4.763 0.117 6.624
Flavor: r-devel-linux-x86_64-debian-clang