Last updated on 2025-04-30 04:50:20 CEST.
Flavor | Version | Tinstall | Tcheck | Ttotal | Status | Flags |
---|---|---|---|---|---|---|
r-devel-linux-x86_64-debian-clang | 1.1.10 | 12.86 | 99.00 | 111.86 | NOTE | |
r-devel-linux-x86_64-debian-gcc | 1.1.10 | 8.84 | 73.04 | 81.88 | NOTE | |
r-devel-linux-x86_64-fedora-clang | 1.1.10 | 170.55 | NOTE | |||
r-devel-linux-x86_64-fedora-gcc | 1.1.10 | 159.27 | NOTE | |||
r-devel-windows-x86_64 | 1.1.10 | 15.00 | 107.00 | 122.00 | NOTE | |
r-patched-linux-x86_64 | 1.1.10 | 14.12 | 93.70 | 107.82 | NOTE | |
r-release-linux-x86_64 | 1.1.10 | 13.86 | 93.09 | 106.95 | NOTE | |
r-release-macos-arm64 | 1.1.10 | 45.00 | NOTE | |||
r-release-macos-x86_64 | 1.1.10 | 89.00 | NOTE | |||
r-release-windows-x86_64 | 1.1.10 | 15.00 | 103.00 | 118.00 | NOTE | |
r-oldrel-macos-arm64 | 1.1.10 | 43.00 | NOTE | |||
r-oldrel-macos-x86_64 | 1.1.10 | 63.00 | NOTE | |||
r-oldrel-windows-x86_64 | 1.1.10 | 19.00 | 130.00 | 149.00 | NOTE |
Version: 1.1.10
Check: Rd files
Result: NOTE
checkRd: (-1) multiCUMSUM.Rd:33: Escaped LaTeX specials: \&
Flavors: r-devel-linux-x86_64-debian-clang, r-devel-linux-x86_64-debian-gcc, r-devel-linux-x86_64-fedora-clang, r-devel-linux-x86_64-fedora-gcc, r-devel-windows-x86_64, r-patched-linux-x86_64, r-release-linux-x86_64, r-release-macos-arm64, r-release-macos-x86_64, r-release-windows-x86_64, r-oldrel-macos-arm64, r-oldrel-macos-x86_64, r-oldrel-windows-x86_64
Version: 1.1.10
Check: examples
Result: NOTE
Examples with CPU (user + system) or elapsed time > 5s
user system elapsed
multiCUMSUM 3.193 0.051 5.322
Flavor: r-devel-linux-x86_64-debian-clang