Last updated on 2025-04-30 04:50:20 CEST.
Flavor | Version | Tinstall | Tcheck | Ttotal | Status | Flags |
---|---|---|---|---|---|---|
r-devel-linux-x86_64-debian-clang | 0.5.0 | 86.17 | 102.74 | 188.91 | NOTE | |
r-devel-linux-x86_64-debian-gcc | 0.5.0 | 57.19 | 80.94 | 138.13 | NOTE | |
r-devel-linux-x86_64-fedora-clang | 0.5.0 | 333.89 | OK | |||
r-devel-linux-x86_64-fedora-gcc | 0.5.0 | 349.33 | OK | |||
r-devel-windows-x86_64 | 0.5.0 | 88.00 | 145.00 | 233.00 | OK | |
r-patched-linux-x86_64 | 0.5.0 | 82.76 | 118.08 | 200.84 | OK | |
r-release-linux-x86_64 | 0.5.0 | 80.08 | 119.44 | 199.52 | OK | |
r-release-macos-arm64 | 0.5.0 | 108.00 | OK | |||
r-release-macos-x86_64 | 0.5.0 | 208.00 | OK | |||
r-release-windows-x86_64 | 0.5.0 | 88.00 | 143.00 | 231.00 | OK | |
r-oldrel-macos-arm64 | 0.5.0 | 97.00 | NOTE | |||
r-oldrel-macos-x86_64 | 0.5.0 | 125.00 | NOTE | |||
r-oldrel-windows-x86_64 | 0.5.0 | 101.00 | 190.00 | 291.00 | OK |
Version: 0.5.0
Check: CRAN incoming feasibility
Result: NOTE
Maintainer: ‘Dylan Beijers <dylanbeijers@gmail.com>’
Package CITATION file contains call(s) to old-style citEntry(). Please
use bibentry() instead.
Flavors: r-devel-linux-x86_64-debian-clang, r-devel-linux-x86_64-debian-gcc
Version: 0.5.0
Check: installed package size
Result: NOTE
installed size is 6.8Mb
sub-directories of 1Mb or more:
libs 6.0Mb
Flavors: r-oldrel-macos-arm64, r-oldrel-macos-x86_64