Last updated on 2025-04-30 04:50:20 CEST.
Flavor | Version | Tinstall | Tcheck | Ttotal | Status | Flags |
---|---|---|---|---|---|---|
r-devel-linux-x86_64-debian-clang | 1.0.9 | 9.95 | 200.19 | 210.14 | NOTE | |
r-devel-linux-x86_64-debian-gcc | 1.0.9 | 6.69 | 140.75 | 147.44 | NOTE | |
r-devel-linux-x86_64-fedora-clang | 1.0.9 | 333.12 | OK | |||
r-devel-linux-x86_64-fedora-gcc | 1.0.9 | 329.40 | OK | |||
r-devel-windows-x86_64 | 1.0.9 | 12.00 | 192.00 | 204.00 | OK | |
r-patched-linux-x86_64 | 1.0.9 | 7.62 | 189.98 | 197.60 | OK | |
r-release-linux-x86_64 | 1.0.9 | 9.03 | 188.86 | 197.89 | OK | |
r-release-macos-arm64 | 1.0.9 | 111.00 | OK | |||
r-release-macos-x86_64 | 1.0.9 | 243.00 | OK | |||
r-release-windows-x86_64 | 1.0.9 | 13.00 | 208.00 | 221.00 | OK | |
r-oldrel-macos-arm64 | 1.0.9 | 115.00 | NOTE | |||
r-oldrel-macos-x86_64 | 1.0.9 | 216.00 | NOTE | |||
r-oldrel-windows-x86_64 | 1.0.9 | 13.00 | 258.00 | 271.00 | NOTE |
Version: 1.0.9
Check: examples
Result: NOTE
Examples with CPU (user + system) or elapsed time > 5s
user system elapsed
plot.FW 5.616 0.106 6.883
gxeFw 4.754 0.110 5.977
fitted.FW 4.257 0.137 5.286
residuals.FW 4.086 0.015 5.220
Flavor: r-devel-linux-x86_64-debian-clang
Version: 1.0.9
Check: examples
Result: NOTE
Examples with CPU (user + system) or elapsed time > 5s
user system elapsed
plot.FW 4.476 0.144 5.554
gxeFw 4.027 0.098 5.149
Flavor: r-devel-linux-x86_64-debian-gcc
Version: 1.0.9
Check: package dependencies
Result: NOTE
Package suggested but not available for checking: ‘asreml’
Flavors: r-oldrel-macos-arm64, r-oldrel-macos-x86_64, r-oldrel-windows-x86_64