Last updated on 2025-04-30 04:50:21 CEST.
Flavor | Version | Tinstall | Tcheck | Ttotal | Status | Flags |
---|---|---|---|---|---|---|
r-devel-linux-x86_64-debian-clang | 1.0.14 | 11.20 | 205.67 | 216.87 | NOTE | |
r-devel-linux-x86_64-debian-gcc | 1.0.14 | 7.08 | 137.72 | 144.80 | NOTE | |
r-devel-linux-x86_64-fedora-clang | 1.0.14 | 343.83 | NOTE | |||
r-devel-linux-x86_64-fedora-gcc | 1.0.14 | 345.31 | NOTE | |||
r-devel-windows-x86_64 | 1.0.14 | 12.00 | 194.00 | 206.00 | OK | |
r-patched-linux-x86_64 | 1.0.14 | 11.51 | 196.60 | 208.11 | OK | |
r-release-linux-x86_64 | 1.0.14 | 10.17 | 197.76 | 207.93 | OK | |
r-release-macos-arm64 | 1.0.14 | 97.00 | OK | |||
r-release-macos-x86_64 | 1.0.14 | 192.00 | OK | |||
r-release-windows-x86_64 | 1.0.14 | 14.00 | 203.00 | 217.00 | OK | |
r-oldrel-macos-arm64 | 1.0.14 | 96.00 | NOTE | |||
r-oldrel-macos-x86_64 | 1.0.14 | 182.00 | NOTE | |||
r-oldrel-windows-x86_64 | 1.0.14 | 17.00 | 265.00 | 282.00 | NOTE |
Version: 1.0.14
Check: examples
Result: NOTE
Examples with CPU (user + system) or elapsed time > 5s
user system elapsed
plot.STA 6.898 0.258 9.48
Flavor: r-devel-linux-x86_64-debian-clang
Version: 1.0.14
Check: examples
Result: NOTE
Examples with CPU (user + system) or elapsed time > 5s
user system elapsed
plot.STA 4.446 0.103 5.41
Flavor: r-devel-linux-x86_64-debian-gcc
Version: 1.0.14
Check: dependencies in R code
Result: NOTE
Namespace in Imports field not imported from: ‘mapproj’
All declared Imports should be used.
Flavors: r-devel-linux-x86_64-fedora-clang, r-devel-linux-x86_64-fedora-gcc
Version: 1.0.14
Check: package dependencies
Result: NOTE
Package suggested but not available for checking: ‘asreml’
Flavors: r-oldrel-macos-arm64, r-oldrel-macos-x86_64, r-oldrel-windows-x86_64