Last updated on 2025-02-21 03:52:27 CET.
Flavor | Version | Tinstall | Tcheck | Ttotal | Status | Flags |
---|---|---|---|---|---|---|
r-devel-linux-x86_64-debian-clang | 0.5.1 | 3.59 | 60.93 | 64.52 | OK | |
r-devel-linux-x86_64-debian-gcc | 0.5.1 | 2.34 | 46.60 | 48.94 | OK | |
r-devel-linux-x86_64-fedora-clang | 0.5.1 | 104.60 | OK | |||
r-devel-linux-x86_64-fedora-gcc | 0.5.1 | 96.04 | OK | |||
r-devel-macos-arm64 | 0.5.1 | 36.00 | OK | |||
r-devel-macos-x86_64 | 0.5.1 | 56.00 | OK | |||
r-devel-windows-x86_64 | 0.5.1 | 6.00 | 89.00 | 95.00 | OK | |
r-patched-linux-x86_64 | 0.5.1 | 3.60 | 59.03 | 62.63 | NOTE | |
r-release-linux-x86_64 | 0.5.1 | 3.36 | 58.55 | 61.91 | NOTE | |
r-release-macos-arm64 | 0.5.1 | 37.00 | NOTE | |||
r-release-macos-x86_64 | 0.5.1 | 55.00 | NOTE | |||
r-release-windows-x86_64 | 0.5.1 | 6.00 | 79.00 | 85.00 | NOTE | |
r-oldrel-macos-arm64 | 0.5.1 | 36.00 | NOTE | |||
r-oldrel-macos-x86_64 | 0.5.1 | 55.00 | NOTE | |||
r-oldrel-windows-x86_64 | 0.5.1 | 7.00 | 92.00 | 99.00 | NOTE |
Version: 0.5.1
Check: LazyData
Result: NOTE
'LazyData' is specified without a 'data' directory
Flavors: r-patched-linux-x86_64, r-release-linux-x86_64, r-release-macos-arm64, r-release-macos-x86_64, r-release-windows-x86_64, r-oldrel-macos-arm64, r-oldrel-macos-x86_64, r-oldrel-windows-x86_64