CRAN Package Check Results for Package statip

Last updated on 2025-11-03 03:49:58 CET.

Flavor Version Tinstall Tcheck Ttotal Status Flags
r-devel-linux-x86_64-debian-clang 0.2.3 3.40 29.39 32.79 OK
r-devel-linux-x86_64-debian-gcc 0.2.3 2.42 23.41 25.83 OK
r-devel-linux-x86_64-fedora-clang 0.2.3 14.00 34.45 48.45 OK
r-devel-linux-x86_64-fedora-gcc 0.2.3 43.73 OK
r-devel-windows-x86_64 0.2.3 8.00 50.00 58.00 OK
r-patched-linux-x86_64 0.2.3 3.71 26.61 30.32 OK
r-release-linux-x86_64 0.2.3 3.10 26.43 29.53 OK
r-release-macos-arm64 0.2.3 3.00 18.00 21.00 OK
r-release-macos-x86_64 0.2.3 4.00 30.00 34.00 OK
r-release-windows-x86_64 0.2.3 7.00 48.00 55.00 OK
r-oldrel-macos-arm64 0.2.3 3.00 16.00 19.00 NOTE
r-oldrel-macos-x86_64 0.2.3 5.00 25.00 30.00 NOTE
r-oldrel-windows-x86_64 0.2.3 10.00 57.00 67.00 NOTE

Check Details

Version: 0.2.3
Check: LazyData
Result: NOTE 'LazyData' is specified without a 'data' directory Flavors: r-oldrel-macos-arm64, r-oldrel-macos-x86_64, r-oldrel-windows-x86_64