Last updated on 2025-04-30 04:50:21 CEST.
Flavor | Version | Tinstall | Tcheck | Ttotal | Status | Flags |
---|---|---|---|---|---|---|
r-devel-linux-x86_64-debian-clang | 1.0.4 | 3.25 | 30.26 | 33.51 | NOTE | |
r-devel-linux-x86_64-debian-gcc | 1.0.4 | 2.32 | 21.49 | 23.81 | OK | |
r-devel-linux-x86_64-fedora-clang | 1.0.4 | 54.10 | OK | |||
r-devel-linux-x86_64-fedora-gcc | 1.0.4 | 50.12 | OK | |||
r-devel-windows-x86_64 | 1.0.4 | 4.00 | 51.00 | 55.00 | OK | |
r-patched-linux-x86_64 | 1.0.4 | 3.44 | 28.21 | 31.65 | OK | |
r-release-linux-x86_64 | 1.0.4 | 3.00 | 28.38 | 31.38 | OK | |
r-release-macos-arm64 | 1.0.4 | 21.00 | OK | |||
r-release-macos-x86_64 | 1.0.4 | 35.00 | OK | |||
r-release-windows-x86_64 | 1.0.4 | 5.00 | 56.00 | 61.00 | OK | |
r-oldrel-macos-arm64 | 1.0.4 | 19.00 | OK | |||
r-oldrel-macos-x86_64 | 1.0.4 | 39.00 | OK | |||
r-oldrel-windows-x86_64 | 1.0.4 | 4.00 | 50.00 | 54.00 | OK |
Version: 1.0.4
Check: examples
Result: NOTE
Examples with CPU (user + system) or elapsed time > 5s
user system elapsed
sampleStrat 5.973 0.038 6.951
Flavor: r-devel-linux-x86_64-debian-clang