CRAN Package Check Results for Package stcos

Last updated on 2025-04-30 04:50:21 CEST.

Flavor Version Tinstall Tcheck Ttotal Status Flags
r-devel-linux-x86_64-debian-clang 0.3.1 65.66 92.15 157.81 OK
r-devel-linux-x86_64-debian-gcc 0.3.1 43.37 69.38 112.75 OK
r-devel-linux-x86_64-fedora-clang 0.3.1 277.02 OK
r-devel-linux-x86_64-fedora-gcc 0.3.1 263.10 OK
r-devel-windows-x86_64 0.3.1 72.00 119.00 191.00 OK
r-patched-linux-x86_64 0.3.1 61.15 87.28 148.43 OK
r-release-linux-x86_64 0.3.1 62.10 88.43 150.53 OK
r-release-macos-arm64 0.3.1 65.00 OK
r-release-macos-x86_64 0.3.1 102.00 OK
r-release-windows-x86_64 0.3.1 72.00 120.00 192.00 OK
r-oldrel-macos-arm64 0.3.1 58.00 NOTE
r-oldrel-macos-x86_64 0.3.1 82.00 NOTE
r-oldrel-windows-x86_64 0.3.1 82.00 150.00 232.00 OK

Check Details

Version: 0.3.1
Check: installed package size
Result: NOTE installed size is 6.9Mb sub-directories of 1Mb or more: data 2.3Mb libs 4.3Mb Flavors: r-oldrel-macos-arm64, r-oldrel-macos-x86_64