Last updated on 2025-04-30 04:50:21 CEST.
Flavor | Version | Tinstall | Tcheck | Ttotal | Status | Flags |
---|---|---|---|---|---|---|
r-devel-linux-x86_64-debian-clang | 0.9.8 | 84.53 | 147.59 | 232.12 | OK | |
r-devel-linux-x86_64-debian-gcc | 0.9.8 | 73.59 | 93.53 | 167.12 | OK | |
r-devel-linux-x86_64-fedora-clang | 0.9.8 | 371.91 | OK | |||
r-devel-linux-x86_64-fedora-gcc | 0.9.8 | 408.53 | OK | |||
r-devel-windows-x86_64 | 0.9.8 | 90.00 | 177.00 | 267.00 | OK | |
r-patched-linux-x86_64 | 0.9.8 | 102.50 | 138.83 | 241.33 | OK | |
r-release-linux-x86_64 | 0.9.8 | 102.35 | 137.87 | 240.22 | OK | |
r-release-macos-arm64 | 0.9.8 | 89.00 | OK | |||
r-release-macos-x86_64 | 0.9.8 | 177.00 | OK | |||
r-release-windows-x86_64 | 0.9.8 | 84.00 | 174.00 | 258.00 | OK | |
r-oldrel-macos-arm64 | 0.9.8 | 91.00 | NOTE | |||
r-oldrel-macos-x86_64 | 0.9.8 | 191.00 | NOTE | |||
r-oldrel-windows-x86_64 | 0.9.8 | 78.00 | 223.00 | 301.00 | OK |
Version: 0.9.8
Check: installed package size
Result: NOTE
installed size is 25.5Mb
sub-directories of 1Mb or more:
libs 25.3Mb
Flavors: r-oldrel-macos-arm64, r-oldrel-macos-x86_64