Last updated on 2025-04-30 04:50:21 CEST.
Flavor | Version | Tinstall | Tcheck | Ttotal | Status | Flags |
---|---|---|---|---|---|---|
r-devel-linux-x86_64-debian-clang | 0.6.9 | 6.08 | 86.61 | 92.69 | NOTE | |
r-devel-linux-x86_64-debian-gcc | 0.6.9 | 4.29 | 58.83 | 63.12 | OK | |
r-devel-linux-x86_64-fedora-clang | 0.6.9 | 146.69 | OK | |||
r-devel-linux-x86_64-fedora-gcc | 0.6.9 | 149.54 | OK | |||
r-devel-windows-x86_64 | 0.6.9 | 7.00 | 107.00 | 114.00 | OK | |
r-patched-linux-x86_64 | 0.6.9 | 6.22 | 80.95 | 87.17 | OK | |
r-release-linux-x86_64 | 0.6.9 | 4.95 | 80.16 | 85.11 | OK | |
r-release-macos-arm64 | 0.6.9 | 47.00 | OK | |||
r-release-macos-x86_64 | 0.6.9 | 90.00 | OK | |||
r-release-windows-x86_64 | 0.6.9 | 8.00 | 101.00 | 109.00 | OK | |
r-oldrel-macos-arm64 | 0.6.9 | 43.00 | OK | |||
r-oldrel-macos-x86_64 | 0.6.9 | 76.00 | OK | |||
r-oldrel-windows-x86_64 | 0.6.9 | 8.00 | 124.00 | 132.00 | OK |
Version: 0.6.9
Check: examples
Result: NOTE
Examples with CPU (user + system) or elapsed time > 5s
user system elapsed
normalize_scores_grouped 4.984 0.064 6.345
Flavor: r-devel-linux-x86_64-debian-clang