Last updated on 2025-04-30 04:50:21 CEST.
Flavor | Version | Tinstall | Tcheck | Ttotal | Status | Flags |
---|---|---|---|---|---|---|
r-devel-linux-x86_64-debian-clang | 2.1-10 | 131.46 | 274.71 | 406.17 | NOTE | |
r-devel-linux-x86_64-debian-gcc | 2.1-10 | 89.17 | 170.57 | 259.74 | OK | |
r-devel-linux-x86_64-fedora-clang | 2.1-10 | 782.72 | OK | |||
r-devel-linux-x86_64-fedora-gcc | 2.1-10 | 696.63 | OK | |||
r-devel-windows-x86_64 | 2.1-10 | 143.00 | 321.00 | 464.00 | OK | |
r-patched-linux-x86_64 | 2.1-10 | 131.04 | 261.94 | 392.98 | OK | |
r-release-linux-x86_64 | 2.1-10 | 128.32 | 260.70 | 389.02 | OK | |
r-release-macos-arm64 | 2.1-10 | 213.00 | OK | |||
r-release-macos-x86_64 | 2.1-10 | 351.00 | OK | |||
r-release-windows-x86_64 | 2.1-10 | 140.00 | 316.00 | 456.00 | OK | |
r-oldrel-macos-arm64 | 2.1-10 | 172.00 | NOTE | |||
r-oldrel-macos-x86_64 | 2.1-10 | 305.00 | NOTE | |||
r-oldrel-windows-x86_64 | 2.1-10 | 171.00 | 405.00 | 576.00 | OK |
Version: 2.1-10
Check: examples
Result: NOTE
Examples with CPU (user + system) or elapsed time > 5s
user system elapsed
penalty 4.616 0.016 7.039
Flavor: r-devel-linux-x86_64-debian-clang
Version: 2.1-10
Check: installed package size
Result: NOTE
installed size is 6.6Mb
sub-directories of 1Mb or more:
libs 5.4Mb
Flavors: r-oldrel-macos-arm64, r-oldrel-macos-x86_64