Last updated on 2025-04-30 04:50:21 CEST.
Flavor | Version | Tinstall | Tcheck | Ttotal | Status | Flags |
---|---|---|---|---|---|---|
r-devel-linux-x86_64-debian-clang | 0.0.1 | 7.88 | 72.10 | 79.98 | NOTE | |
r-devel-linux-x86_64-debian-gcc | 0.0.1 | 6.27 | 53.75 | 60.02 | NOTE | |
r-devel-linux-x86_64-fedora-clang | 0.0.1 | 130.46 | OK | |||
r-devel-linux-x86_64-fedora-gcc | 0.0.1 | 122.01 | OK | |||
r-devel-windows-x86_64 | 0.0.1 | 9.00 | 87.00 | 96.00 | OK | |
r-patched-linux-x86_64 | 0.0.1 | 7.83 | 70.23 | 78.06 | OK | |
r-release-linux-x86_64 | 0.0.1 | 8.38 | 70.21 | 78.59 | OK | |
r-release-macos-arm64 | 0.0.1 | 37.00 | OK | |||
r-release-macos-x86_64 | 0.0.1 | 91.00 | OK | |||
r-release-windows-x86_64 | 0.0.1 | 10.00 | 89.00 | 99.00 | OK | |
r-oldrel-macos-arm64 | 0.0.1 | 35.00 | OK | |||
r-oldrel-macos-x86_64 | 0.0.1 | 59.00 | OK | |||
r-oldrel-windows-x86_64 | 0.0.1 | 12.00 | 106.00 | 118.00 | OK |
Version: 0.0.1
Check: CRAN incoming feasibility
Result: NOTE
Maintainer: ‘Leandro A. Pereira <leandro.ap@ufu.br>’
The Description field contains
hypothesis test. Pinto & Pereira (2021) <arXiv:2109.07978>.
Please refer to arXiv e-prints via their arXiv DOI <doi:10.48550/arXiv.YYMM.NNNNN>.
Flavors: r-devel-linux-x86_64-debian-clang, r-devel-linux-x86_64-debian-gcc
Version: 0.0.1
Check: examples
Result: NOTE
Examples with CPU (user + system) or elapsed time > 5s
user system elapsed
stepjglm 5.123 0.012 5.569
Flavor: r-devel-linux-x86_64-debian-clang