CRAN Package Check Results for Package stepp

Last updated on 2025-04-30 04:50:21 CEST.

Flavor Version Tinstall Tcheck Ttotal Status Flags
r-devel-linux-x86_64-debian-clang 3.2.7 14.25 171.69 185.94 NOTE
r-devel-linux-x86_64-debian-gcc 3.2.7 10.08 111.86 121.94 NOTE
r-devel-linux-x86_64-fedora-clang 3.2.7 295.47 OK
r-devel-linux-x86_64-fedora-gcc 3.2.7 283.31 OK
r-devel-windows-x86_64 3.2.7 20.00 179.00 199.00 OK
r-patched-linux-x86_64 3.2.7 13.62 162.70 176.32 OK
r-release-linux-x86_64 3.2.7 12.83 163.92 176.75 OK
r-release-macos-arm64 3.2.7 66.00 OK
r-release-macos-x86_64 3.2.7 151.00 OK
r-release-windows-x86_64 3.2.7 20.00 179.00 199.00 OK
r-oldrel-macos-arm64 3.2.7 80.00 OK
r-oldrel-macos-x86_64 3.2.7 152.00 OK
r-oldrel-windows-x86_64 3.2.7 22.00 232.00 254.00 OK

Check Details

Version: 3.2.7
Check: CRAN incoming feasibility
Result: NOTE Maintainer: ‘Wai-ki Yip <yuser86@yahoo.com>’ No Authors@R field in DESCRIPTION. Please add one, modifying Authors@R: c(person(given = "Wai-ki", family = "Yip", role = c("aut", "cre"), email = "yuser86@yahoo.com"), person(given = "Ann", family = "Lazar", role = "ctb"), person(given = "David", family = "Zahrieh", role = "ctb"), person(given = "Chip", family = "Cole", role = "ctb"), person(given = "Ann", family = "Lazar", role = "ctb"), person(given = "Marco", family = "Bonetti", role = "ctb"), person(given = "Victoria", family = "Wang", role = "ctb"), person(given = "William", family = "Barcella", role = "ctb"), person(given = "Sergio", family = "Venturini", role = "ctb")) as necessary. Flavors: r-devel-linux-x86_64-debian-clang, r-devel-linux-x86_64-debian-gcc