Last updated on 2025-04-30 04:50:21 CEST.
Flavor | Version | Tinstall | Tcheck | Ttotal | Status | Flags |
---|---|---|---|---|---|---|
r-devel-linux-x86_64-debian-clang | 1.5 | 1.71 | 17.66 | 19.37 | NOTE | |
r-devel-linux-x86_64-debian-gcc | 1.5 | 1.44 | 14.06 | 15.50 | NOTE | |
r-devel-linux-x86_64-fedora-clang | 1.5 | 30.15 | OK | |||
r-devel-linux-x86_64-fedora-gcc | 1.5 | 29.63 | OK | |||
r-devel-windows-x86_64 | 1.5 | 3.00 | 40.00 | 43.00 | OK | |
r-patched-linux-x86_64 | 1.5 | 1.87 | 17.06 | 18.93 | OK | |
r-release-linux-x86_64 | 1.5 | 1.62 | 17.18 | 18.80 | OK | |
r-release-macos-arm64 | 1.5 | 15.00 | OK | |||
r-release-macos-x86_64 | 1.5 | 22.00 | OK | |||
r-release-windows-x86_64 | 1.5 | 4.00 | 41.00 | 45.00 | OK | |
r-oldrel-macos-arm64 | 1.5 | 19.00 | OK | |||
r-oldrel-macos-x86_64 | 1.5 | 19.00 | OK | |||
r-oldrel-windows-x86_64 | 1.5 | 3.00 | 38.00 | 41.00 | OK |
Version: 1.5
Check: CRAN incoming feasibility
Result: NOTE
Maintainer: ‘Tomas Johannesson <tj@vedur.is>’
No Authors@R field in DESCRIPTION.
Please add one, modifying
Authors@R: c(person(given = c("Tomas", "Johannesson", "&", "Halldor"),
family = "Bjornsson",
role = "aut"),
person(given = c("Icelandic", "Met.", "Office;", "Gabor"),
family = "Grothendieck",
role = "aut"),
person(given = "Tomas",
family = "Johannesson",
role = "cre",
email = "tj@vedur.is"))
as necessary.
Flavors: r-devel-linux-x86_64-debian-clang, r-devel-linux-x86_64-debian-gcc