CRAN Package Check Results for Package stlplus

Last updated on 2025-04-30 04:50:21 CEST.

Flavor Version Tinstall Tcheck Ttotal Status Flags
r-devel-linux-x86_64-debian-clang 0.5.1 18.45 34.97 53.42 NOTE
r-devel-linux-x86_64-debian-gcc 0.5.1 13.23 26.45 39.68 OK
r-devel-linux-x86_64-fedora-clang 0.5.1 96.05 NOTE
r-devel-linux-x86_64-fedora-gcc 0.5.1 86.11 NOTE
r-devel-windows-x86_64 0.5.1 24.00 70.00 94.00 OK
r-patched-linux-x86_64 0.5.1 18.96 32.38 51.34 OK
r-release-linux-x86_64 0.5.1 17.59 32.28 49.87 OK
r-release-macos-arm64 0.5.1 27.00 OK
r-release-macos-x86_64 0.5.1 61.00 OK
r-release-windows-x86_64 0.5.1 26.00 68.00 94.00 OK
r-oldrel-macos-arm64 0.5.1 32.00 NOTE
r-oldrel-macos-x86_64 0.5.1 63.00 NOTE
r-oldrel-windows-x86_64 0.5.1 27.00 79.00 106.00 NOTE

Check Details

Version: 0.5.1
Check: examples
Result: NOTE Examples with CPU (user + system) or elapsed time > 5s user system elapsed stlplus 3.806 0.053 6.17 Flavor: r-devel-linux-x86_64-debian-clang

Version: 0.5.1
Check: compiled code
Result: NOTE File ‘stlplus/libs/stlplus.so’: Found no calls to: ‘R_registerRoutines’, ‘R_useDynamicSymbols’ It is good practice to register native routines and to disable symbol search. See ‘Writing portable packages’ in the ‘Writing R Extensions’ manual. Flavors: r-devel-linux-x86_64-fedora-clang, r-devel-linux-x86_64-fedora-gcc

Version: 0.5.1
Check: LazyData
Result: NOTE 'LazyData' is specified without a 'data' directory Flavors: r-oldrel-macos-arm64, r-oldrel-macos-x86_64, r-oldrel-windows-x86_64