CRAN Package Check Results for Package stm

Last updated on 2025-04-30 04:50:21 CEST.

Flavor Version Tinstall Tcheck Ttotal Status Flags
r-devel-linux-x86_64-debian-clang 1.3.7 35.88 228.86 264.74 NOTE
r-devel-linux-x86_64-debian-gcc 1.3.7 25.49 152.24 177.73 NOTE
r-devel-linux-x86_64-fedora-clang 1.3.7 445.09 OK
r-devel-linux-x86_64-fedora-gcc 1.3.7 431.74 OK
r-devel-windows-x86_64 1.3.7 41.00 229.00 270.00 ERROR
r-patched-linux-x86_64 1.3.7 37.12 216.03 253.15 NOTE
r-release-linux-x86_64 1.3.7 36.18 216.32 252.50 NOTE
r-release-macos-arm64 1.3.7 140.00 OK
r-release-macos-x86_64 1.3.7 285.00 OK
r-release-windows-x86_64 1.3.7 41.00 290.00 331.00 NOTE
r-oldrel-macos-arm64 1.3.7 124.00 NOTE
r-oldrel-macos-x86_64 1.3.7 196.00 NOTE
r-oldrel-windows-x86_64 1.3.7 47.00 365.00 412.00 OK

Check Details

Version: 1.3.7
Check: Rd cross-references
Result: NOTE Found the following Rd file(s) with Rd \link{} targets missing package anchors: labelTopics.Rd: lda topicLasso.Rd: glmnet, cv.glmnet Please provide package anchors for all Rd \link{} targets not in the package itself and the base packages. Flavors: r-devel-linux-x86_64-debian-clang, r-devel-linux-x86_64-debian-gcc, r-devel-windows-x86_64, r-patched-linux-x86_64, r-release-linux-x86_64, r-release-windows-x86_64

Version: 1.3.7
Check: re-building of vignette outputs
Result: ERROR Error(s) in re-building vignettes: --- re-building 'stmVignette.Rnw' using Sweave stm v1.3.7 successfully loaded. See ?stm for help. Papers, resources, and other materials at structuraltopicmodel.com Warning in load(url("https://github.com/bstewart/stm/blob/gh-pages/files/VignetteObjects.RData?raw=true")) : cannot open URL 'https://raw.githubusercontent.com/bstewart/stm/refs/heads/gh-pages/files/VignetteObjects.RData': HTTP status was '429 Unknown Error' Error: processing vignette 'stmVignette.Rnw' failed with diagnostics: chunk 7 Error in load(url("https://github.com/bstewart/stm/blob/gh-pages/files/VignetteObjects.RData?raw=true")) : cannot open the connection to 'https://github.com/bstewart/stm/blob/gh-pages/files/VignetteObjects.RData?raw=true' --- failed re-building 'stmVignette.Rnw' SUMMARY: processing the following file failed: 'stmVignette.Rnw' Error: Vignette re-building failed. Execution halted Flavor: r-devel-windows-x86_64

Version: 1.3.7
Check: installed package size
Result: NOTE installed size is 5.3Mb sub-directories of 1Mb or more: data 1.7Mb libs 2.4Mb Flavors: r-oldrel-macos-arm64, r-oldrel-macos-x86_64