Last updated on 2025-04-30 04:50:21 CEST.
Flavor | Version | Tinstall | Tcheck | Ttotal | Status | Flags |
---|---|---|---|---|---|---|
r-devel-linux-x86_64-debian-clang | 0.0.1 | 5.94 | 71.20 | 77.14 | NOTE | |
r-devel-linux-x86_64-debian-gcc | 0.0.1 | 4.59 | 50.45 | 55.04 | NOTE | |
r-devel-linux-x86_64-fedora-clang | 0.0.1 | 116.18 | OK | |||
r-devel-linux-x86_64-fedora-gcc | 0.0.1 | 107.50 | OK | |||
r-devel-windows-x86_64 | 0.0.1 | 9.00 | 90.00 | 99.00 | OK | |
r-patched-linux-x86_64 | 0.0.1 | 6.18 | 68.06 | 74.24 | OK | |
r-release-linux-x86_64 | 0.0.1 | 5.66 | 68.37 | 74.03 | OK | |
r-release-macos-arm64 | 0.0.1 | 34.00 | OK | |||
r-release-macos-x86_64 | 0.0.1 | 72.00 | OK | |||
r-release-windows-x86_64 | 0.0.1 | 8.00 | 85.00 | 93.00 | OK | |
r-oldrel-macos-arm64 | 0.0.1 | 36.00 | OK | |||
r-oldrel-macos-x86_64 | 0.0.1 | 53.00 | OK | |||
r-oldrel-windows-x86_64 | 0.0.1 | 9.00 | 109.00 | 118.00 | OK |
Version: 0.0.1
Check: examples
Result: NOTE
Examples with CPU (user + system) or elapsed time > 5s
user system elapsed
fo_stodom 11.382 0.104 13.327
so_stodom 11.181 0.079 12.366
Flavor: r-devel-linux-x86_64-debian-clang
Version: 0.0.1
Check: examples
Result: NOTE
Examples with CPU (user + system) or elapsed time > 5s
user system elapsed
fo_stodom 8.062 0.113 9.718
so_stodom 7.917 0.035 9.401
Flavor: r-devel-linux-x86_64-debian-gcc