Last updated on 2025-04-30 04:50:21 CEST.
Flavor | Version | Tinstall | Tcheck | Ttotal | Status | Flags |
---|---|---|---|---|---|---|
r-devel-linux-x86_64-debian-clang | 2.0-8 | 28.59 | 157.66 | 186.25 | NOTE | |
r-devel-linux-x86_64-debian-gcc | 2.0-8 | 21.17 | 119.24 | 140.41 | NOTE | |
r-devel-linux-x86_64-fedora-clang | 2.0-8 | 320.32 | OK | |||
r-devel-linux-x86_64-fedora-gcc | 2.0-8 | 308.29 | OK | |||
r-devel-windows-x86_64 | 2.0-8 | 32.00 | 149.00 | 181.00 | OK | |
r-patched-linux-x86_64 | 2.0-8 | 26.37 | 152.26 | 178.63 | OK | |
r-release-linux-x86_64 | 2.0-8 | 26.73 | 150.44 | 177.17 | OK | |
r-release-macos-arm64 | 2.0-8 | 138.00 | OK | |||
r-release-macos-x86_64 | 2.0-8 | 156.00 | OK | |||
r-release-windows-x86_64 | 2.0-8 | 33.00 | 156.00 | 189.00 | OK | |
r-oldrel-macos-arm64 | 2.0-8 | 291.00 | OK | |||
r-oldrel-macos-x86_64 | 2.0-8 | 230.00 | OK | |||
r-oldrel-windows-x86_64 | 2.0-8 | 36.00 | 167.00 | 203.00 | OK |
Version: 2.0-8
Check: CRAN incoming feasibility
Result: NOTE
Maintainer: ‘Edith Gabriel <edith.gabriel@inrae.fr>’
The BugReports field in DESCRIPTION has
https://github.com/stpp-GitHub-community
which should likely be
https://github.com/stpp-GitHub-community/issues
instead.
Flavors: r-devel-linux-x86_64-debian-clang, r-devel-linux-x86_64-debian-gcc
Version: 2.0-8
Check: examples
Result: NOTE
Examples with CPU (user + system) or elapsed time > 5s
user system elapsed
rlgcp 3.847 0.191 6.106
Flavor: r-devel-linux-x86_64-debian-clang