Last updated on 2025-04-30 04:50:21 CEST.
Flavor | Version | Tinstall | Tcheck | Ttotal | Status | Flags |
---|---|---|---|---|---|---|
r-devel-linux-x86_64-debian-clang | 0.2.2 | 290.58 | 29.77 | 320.35 | OK | |
r-devel-linux-x86_64-debian-gcc | 0.2.2 | 197.73 | 22.85 | 220.58 | OK | |
r-devel-linux-x86_64-fedora-clang | 0.2.2 | 688.38 | OK | |||
r-devel-linux-x86_64-fedora-gcc | 0.2.2 | 595.83 | OK | |||
r-devel-windows-x86_64 | 0.2.2 | 300.00 | 78.00 | 378.00 | OK | |
r-patched-linux-x86_64 | 0.2.2 | 274.70 | 28.14 | 302.84 | OK | |
r-release-linux-x86_64 | 0.2.2 | 278.29 | 28.60 | 306.89 | OK | |
r-release-macos-arm64 | 0.2.2 | 119.00 | OK | |||
r-release-macos-x86_64 | 0.2.2 | 117.00 | OK | |||
r-release-windows-x86_64 | 0.2.2 | 302.00 | 78.00 | 380.00 | OK | |
r-oldrel-macos-arm64 | 0.2.2 | 105.00 | NOTE | |||
r-oldrel-macos-x86_64 | 0.2.2 | 97.00 | NOTE | |||
r-oldrel-windows-x86_64 | 0.2.2 | 333.00 | 91.00 | 424.00 | OK |
Version: 0.2.2
Check: installed package size
Result: NOTE
installed size is 10.9Mb
sub-directories of 1Mb or more:
libs 10.8Mb
Flavors: r-oldrel-macos-arm64, r-oldrel-macos-x86_64