Last updated on 2025-04-30 04:50:21 CEST.
Flavor | Version | Tinstall | Tcheck | Ttotal | Status | Flags |
---|---|---|---|---|---|---|
r-devel-linux-x86_64-debian-clang | 0.1 | 19.98 | 28.31 | 48.29 | NOTE | |
r-devel-linux-x86_64-debian-gcc | 0.1 | 13.74 | 22.15 | 35.89 | NOTE | |
r-devel-linux-x86_64-fedora-clang | 0.1 | 90.27 | NOTE | |||
r-devel-linux-x86_64-fedora-gcc | 0.1 | 77.77 | NOTE | |||
r-devel-windows-x86_64 | 0.1 | 23.00 | 69.00 | 92.00 | OK | |
r-patched-linux-x86_64 | 0.1 | 16.07 | 27.46 | 43.53 | OK | |
r-release-linux-x86_64 | 0.1 | 15.12 | 27.51 | 42.63 | OK | |
r-release-macos-arm64 | 0.1 | 27.00 | OK | |||
r-release-macos-x86_64 | 0.1 | 40.00 | OK | |||
r-release-windows-x86_64 | 0.1 | 25.00 | 64.00 | 89.00 | OK | |
r-oldrel-macos-arm64 | 0.1 | 27.00 | OK | |||
r-oldrel-macos-x86_64 | 0.1 | 47.00 | OK | |||
r-oldrel-windows-x86_64 | 0.1 | 28.00 | 79.00 | 107.00 | OK |
Version: 0.1
Check: CRAN incoming feasibility
Result: NOTE
Maintainer: ‘Xiang Zhou <xiang_zhou@fas.harvard.edu>’
Package CITATION file contains call(s) to old-style personList() or
as.personList(). Please use c() on person objects instead.
Package CITATION file contains call(s) to old-style citEntry(). Please
use bibentry() instead.
Flavors: r-devel-linux-x86_64-debian-clang, r-devel-linux-x86_64-debian-gcc
Version: 0.1
Check: compiled code
Result: NOTE
File ‘strat/libs/strat.so’:
Found no calls to: ‘R_registerRoutines’, ‘R_useDynamicSymbols’
It is good practice to register native routines and to disable symbol
search.
See ‘Writing portable packages’ in the ‘Writing R Extensions’ manual.
Flavors: r-devel-linux-x86_64-fedora-clang, r-devel-linux-x86_64-fedora-gcc