Last updated on 2025-04-30 04:50:21 CEST.
Flavor | Version | Tinstall | Tcheck | Ttotal | Status | Flags |
---|---|---|---|---|---|---|
r-devel-linux-x86_64-debian-clang | 0.0.92 | 14.37 | 23.27 | 37.64 | OK | |
r-devel-linux-x86_64-debian-gcc | 0.0.92 | 10.98 | 18.90 | 29.88 | OK | |
r-devel-linux-x86_64-fedora-clang | 0.0.92 | 62.63 | OK | |||
r-devel-linux-x86_64-fedora-gcc | 0.0.92 | 60.63 | OK | |||
r-devel-windows-x86_64 | 0.0.92 | 25.00 | 136.00 | 161.00 | OK | |
r-patched-linux-x86_64 | 0.0.92 | 14.03 | 21.16 | 35.19 | OK | |
r-release-linux-x86_64 | 0.0.92 | 15.25 | 21.25 | 36.50 | OK | |
r-release-macos-arm64 | 0.0.92 | 25.00 | OK | |||
r-release-macos-x86_64 | 0.0.92 | 37.00 | OK | |||
r-release-windows-x86_64 | 0.0.92 | 26.00 | 141.00 | 167.00 | OK | |
r-oldrel-macos-arm64 | 0.0.92 | 24.00 | OK | |||
r-oldrel-macos-x86_64 | 0.0.92 | 54.00 | OK | |||
r-oldrel-windows-x86_64 | 0.0.92 | 28.00 | 144.00 | 172.00 | NOTE |
Version: 0.0.92
Check: installed package size
Result: NOTE
installed size is 11.3Mb
sub-directories of 1Mb or more:
libs 10.6Mb
Flavor: r-oldrel-windows-x86_64