Last updated on 2025-02-22 05:51:52 CET.
Flavor | Version | Tinstall | Tcheck | Ttotal | Status | Flags |
---|---|---|---|---|---|---|
r-devel-linux-x86_64-debian-clang | 0.1.1 | 4.68 | 38.88 | 43.56 | OK | |
r-devel-linux-x86_64-debian-gcc | 0.1.1 | 3.36 | 29.38 | 32.74 | OK | |
r-devel-linux-x86_64-fedora-clang | 0.1.1 | 72.86 | NOTE | |||
r-devel-linux-x86_64-fedora-gcc | 0.1.1 | 65.60 | NOTE | |||
r-devel-macos-arm64 | 0.1.1 | 24.00 | OK | |||
r-devel-macos-x86_64 | 0.1.1 | 46.00 | OK | |||
r-devel-windows-x86_64 | 0.1.1 | 7.00 | 58.00 | 65.00 | OK | |
r-patched-linux-x86_64 | 0.1.1 | 4.60 | 36.45 | 41.05 | OK | |
r-release-linux-x86_64 | 0.1.1 | 4.49 | 37.04 | 41.53 | OK | |
r-release-macos-arm64 | 0.1.1 | 24.00 | OK | |||
r-release-macos-x86_64 | 0.1.1 | 40.00 | OK | |||
r-release-windows-x86_64 | 0.1.1 | 7.00 | 59.00 | 66.00 | OK | |
r-oldrel-macos-arm64 | 0.1.1 | 25.00 | OK | |||
r-oldrel-macos-x86_64 | 0.1.1 | 40.00 | NOTE | |||
r-oldrel-windows-x86_64 | 0.1.1 | 9.00 | 67.00 | 76.00 | OK |
Version: 0.1.1
Check: dependencies in R code
Result: NOTE
Namespace in Imports field not imported from: ‘ks’
All declared Imports should be used.
Flavors: r-devel-linux-x86_64-fedora-clang, r-devel-linux-x86_64-fedora-gcc
Version: 0.1.1
Check: Rd cross-references
Result: NOTE
Package unavailable to check Rd xrefs: ‘HDoutliers’
Flavor: r-oldrel-macos-x86_64