Last updated on 2025-04-30 04:50:21 CEST.
Flavor | Version | Tinstall | Tcheck | Ttotal | Status | Flags |
---|---|---|---|---|---|---|
r-devel-linux-x86_64-debian-clang | 2.0-3 | 91.70 | 173.04 | 264.74 | NOTE | |
r-devel-linux-x86_64-debian-gcc | 2.0-3 | 67.51 | 112.72 | 180.23 | OK | |
r-devel-linux-x86_64-fedora-clang | 2.0-3 | 467.57 | OK | |||
r-devel-linux-x86_64-fedora-gcc | 2.0-3 | 451.94 | OK | |||
r-devel-windows-x86_64 | 2.0-3 | 107.00 | 258.00 | 365.00 | OK | |
r-patched-linux-x86_64 | 2.0-3 | 97.03 | 158.27 | 255.30 | OK | |
r-release-linux-x86_64 | 2.0-3 | 96.90 | 160.45 | 257.35 | OK | |
r-release-macos-arm64 | 2.0-3 | 125.00 | OK | |||
r-release-macos-x86_64 | 2.0-3 | 220.00 | OK | |||
r-release-windows-x86_64 | 2.0-3 | 106.00 | 253.00 | 359.00 | OK | |
r-oldrel-macos-arm64 | 2.0-3 | 105.00 | NOTE | |||
r-oldrel-macos-x86_64 | 2.0-3 | 182.00 | NOTE | |||
r-oldrel-windows-x86_64 | 2.0-3 | 119.00 | 291.00 | 410.00 | OK |
Version: 2.0-3
Check: examples
Result: NOTE
Examples with CPU (user + system) or elapsed time > 5s
user system elapsed
DSF_Convolve 4.495 0.013 5.833
Flavor: r-devel-linux-x86_64-debian-clang
Version: 2.0-3
Check: installed package size
Result: NOTE
installed size is 13.7Mb
sub-directories of 1Mb or more:
doc 1.7Mb
libs 10.8Mb
Flavors: r-oldrel-macos-arm64, r-oldrel-macos-x86_64