Last updated on 2025-02-21 03:52:27 CET.
Flavor | Version | Tinstall | Tcheck | Ttotal | Status | Flags |
---|---|---|---|---|---|---|
r-devel-linux-x86_64-debian-clang | 0.2.0 | 2.39 | 44.42 | 46.81 | NOTE | |
r-devel-linux-x86_64-debian-gcc | 0.2.0 | 1.75 | 32.63 | 34.38 | NOTE | |
r-devel-linux-x86_64-fedora-clang | 0.2.0 | 77.50 | NOTE | |||
r-devel-linux-x86_64-fedora-gcc | 0.2.0 | 83.67 | NOTE | |||
r-devel-macos-arm64 | 0.2.0 | 35.00 | OK | |||
r-devel-macos-x86_64 | 0.2.0 | 59.00 | NOTE | |||
r-devel-windows-x86_64 | 0.2.0 | 4.00 | 62.00 | 66.00 | NOTE | |
r-patched-linux-x86_64 | 0.2.0 | 2.97 | 41.28 | 44.25 | OK | |
r-release-linux-x86_64 | 0.2.0 | 2.17 | 41.27 | 43.44 | OK | |
r-release-macos-arm64 | 0.2.0 | 34.00 | OK | |||
r-release-macos-x86_64 | 0.2.0 | 45.00 | OK | |||
r-release-windows-x86_64 | 0.2.0 | 4.00 | 62.00 | 66.00 | OK | |
r-oldrel-macos-arm64 | 0.2.0 | 28.00 | OK | |||
r-oldrel-macos-x86_64 | 0.2.0 | 75.00 | OK | |||
r-oldrel-windows-x86_64 | 0.2.0 | 5.00 | 68.00 | 73.00 | OK |
Version: 0.2.0
Check: DESCRIPTION meta-information
Result: NOTE
Missing dependency on R >= 4.1.0 because package code uses the pipe
|> or function shorthand \(...) syntax added in R 4.1.0.
File(s) using such syntax:
‘apportion_inverse.R’ ‘apportion_polygon.R’ ‘apportion_web.R’
‘prep_reach_dist.R’
Flavors: r-devel-linux-x86_64-debian-clang, r-devel-linux-x86_64-debian-gcc, r-devel-linux-x86_64-fedora-clang, r-devel-linux-x86_64-fedora-gcc, r-devel-macos-x86_64, r-devel-windows-x86_64