Last updated on 2025-04-30 04:50:21 CEST.
Flavor | Version | Tinstall | Tcheck | Ttotal | Status | Flags |
---|---|---|---|---|---|---|
r-devel-linux-x86_64-debian-clang | 1.0.0 | 3.31 | 37.38 | 40.69 | NOTE | |
r-devel-linux-x86_64-debian-gcc | 1.0.0 | 3.02 | 28.44 | 31.46 | NOTE | |
r-devel-linux-x86_64-fedora-clang | 1.0.0 | 66.06 | NOTE | |||
r-devel-linux-x86_64-fedora-gcc | 1.0.0 | 60.50 | NOTE | |||
r-devel-windows-x86_64 | 1.0.0 | 5.00 | 60.00 | 65.00 | NOTE | |
r-patched-linux-x86_64 | 1.0.0 | 4.19 | 35.59 | 39.78 | NOTE | |
r-release-linux-x86_64 | 1.0.0 | 3.68 | 36.14 | 39.82 | NOTE | |
r-release-macos-arm64 | 1.0.0 | 26.00 | NOTE | |||
r-release-macos-x86_64 | 1.0.0 | 61.00 | NOTE | |||
r-release-windows-x86_64 | 1.0.0 | 6.00 | 63.00 | 69.00 | NOTE | |
r-oldrel-macos-arm64 | 1.0.0 | 23.00 | NOTE | |||
r-oldrel-macos-x86_64 | 1.0.0 | 34.00 | NOTE | |||
r-oldrel-windows-x86_64 | 1.0.0 | 6.00 | 67.00 | 73.00 | NOTE |
Version: 1.0.0
Check: CRAN incoming feasibility
Result: NOTE
Maintainer: ‘Matt Barry <mrb@softisms.com>’
No Authors@R field in DESCRIPTION.
Please add one, modifying
Authors@R: person(given = "Matt",
family = "Barry",
role = c("aut", "cre"),
email = "mrb@softisms.com")
as necessary.
Flavors: r-devel-linux-x86_64-debian-clang, r-devel-linux-x86_64-debian-gcc
Version: 1.0.0
Check: DESCRIPTION meta-information
Result: NOTE
Malformed Title field: should not end in a period.
Flavors: r-devel-linux-x86_64-debian-clang, r-devel-linux-x86_64-debian-gcc, r-devel-linux-x86_64-fedora-clang, r-devel-linux-x86_64-fedora-gcc, r-devel-windows-x86_64, r-patched-linux-x86_64, r-release-linux-x86_64, r-release-macos-arm64, r-release-macos-x86_64, r-release-windows-x86_64, r-oldrel-macos-arm64, r-oldrel-macos-x86_64, r-oldrel-windows-x86_64