CRAN Package Check Results for Package strider

Last updated on 2025-04-30 04:50:21 CEST.

Flavor Version Tinstall Tcheck Ttotal Status Flags
r-devel-linux-x86_64-debian-clang 1.3 9.02 76.78 85.80 NOTE
r-devel-linux-x86_64-debian-gcc 1.3 6.53 57.49 64.02 NOTE
r-devel-linux-x86_64-fedora-clang 1.3 160.71 NOTE
r-devel-linux-x86_64-fedora-gcc 1.3 161.51 NOTE
r-devel-windows-x86_64 1.3 14.00 142.00 156.00 NOTE
r-patched-linux-x86_64 1.3 8.80 74.67 83.47 NOTE
r-release-linux-x86_64 1.3 9.19 74.78 83.97 NOTE
r-release-macos-arm64 1.3 65.00 NOTE
r-release-macos-x86_64 1.3 122.00 NOTE
r-release-windows-x86_64 1.3 13.00 135.00 148.00 NOTE
r-oldrel-macos-arm64 1.3 51.00 NOTE
r-oldrel-macos-x86_64 1.3 80.00 NOTE
r-oldrel-windows-x86_64 1.3 11.00 151.00 162.00 NOTE

Check Details

Version: 1.3
Check: C++ specification
Result: NOTE Specified C++11: please drop specification unless essential Flavors: r-devel-linux-x86_64-debian-clang, r-devel-linux-x86_64-debian-gcc, r-devel-linux-x86_64-fedora-clang, r-devel-linux-x86_64-fedora-gcc, r-devel-windows-x86_64, r-patched-linux-x86_64, r-release-linux-x86_64, r-release-macos-arm64, r-release-macos-x86_64, r-release-windows-x86_64, r-oldrel-macos-arm64, r-oldrel-macos-x86_64, r-oldrel-windows-x86_64