CRAN Package Check Results for Package stringr

Last updated on 2025-07-05 04:50:28 CEST.

Flavor Version Tinstall Tcheck Ttotal Status Flags
r-devel-linux-x86_64-debian-clang 1.5.1 4.65 60.12 64.77 NOTE
r-devel-linux-x86_64-debian-gcc 1.5.1 3.24 45.61 48.85 NOTE
r-devel-linux-x86_64-fedora-clang 1.5.1 95.00 OK
r-devel-linux-x86_64-fedora-gcc 1.5.1 101.24 OK
r-devel-windows-x86_64 1.5.1 7.00 84.00 91.00 NOTE
r-patched-linux-x86_64 1.5.1 5.15 53.28 58.43 NOTE
r-release-linux-x86_64 1.5.1 3.31 54.04 57.35 NOTE
r-release-macos-arm64 1.5.1 56.00 OK
r-release-macos-x86_64 1.5.1 101.00 OK
r-release-windows-x86_64 1.5.1 7.00 83.00 90.00 NOTE
r-oldrel-macos-arm64 1.5.1 38.00 OK
r-oldrel-macos-x86_64 1.5.1 69.00 OK
r-oldrel-windows-x86_64 1.5.1 10.00 98.00 108.00 OK

Check Details

Version: 1.5.1
Check: Rd cross-references
Result: NOTE Found the following Rd file(s) with Rd \link{} targets missing package anchors: str_replace.Rd: stri_replace str_split.Rd: stri_split Please provide package anchors for all Rd \link{} targets not in the package itself and the base packages. Flavors: r-devel-linux-x86_64-debian-clang, r-devel-linux-x86_64-debian-gcc, r-devel-windows-x86_64, r-patched-linux-x86_64, r-release-linux-x86_64, r-release-windows-x86_64