CRAN Package Check Results for Package strip

Last updated on 2025-02-21 03:52:27 CET.

Flavor Version Tinstall Tcheck Ttotal Status Flags
r-devel-linux-x86_64-debian-clang 1.0.0 2.36 33.12 35.48 OK
r-devel-linux-x86_64-debian-gcc 1.0.0 1.61 24.47 26.08 OK
r-devel-linux-x86_64-fedora-clang 1.0.0 55.93 OK
r-devel-linux-x86_64-fedora-gcc 1.0.0 52.10 OK
r-devel-macos-arm64 1.0.0 22.00 OK
r-devel-macos-x86_64 1.0.0 37.00 OK
r-devel-windows-x86_64 1.0.0 3.00 51.00 54.00 OK
r-patched-linux-x86_64 1.0.0 1.98 30.22 32.20 NOTE
r-release-linux-x86_64 1.0.0 1.86 30.37 32.23 NOTE
r-release-macos-arm64 1.0.0 22.00 NOTE
r-release-macos-x86_64 1.0.0 31.00 NOTE
r-release-windows-x86_64 1.0.0 3.00 52.00 55.00 NOTE
r-oldrel-macos-arm64 1.0.0 23.00 NOTE
r-oldrel-macos-x86_64 1.0.0 33.00 NOTE
r-oldrel-windows-x86_64 1.0.0 4.00 55.00 59.00 NOTE

Check Details

Version: 1.0.0
Check: LazyData
Result: NOTE 'LazyData' is specified without a 'data' directory Flavors: r-patched-linux-x86_64, r-release-linux-x86_64, r-release-macos-arm64, r-release-macos-x86_64, r-release-windows-x86_64, r-oldrel-macos-arm64, r-oldrel-macos-x86_64, r-oldrel-windows-x86_64