CRAN Package Check Results for Package strip

Last updated on 2025-04-30 04:50:21 CEST.

Flavor Version Tinstall Tcheck Ttotal Status Flags
r-devel-linux-x86_64-debian-clang 1.0.0 2.28 35.04 37.32 OK
r-devel-linux-x86_64-debian-gcc 1.0.0 1.51 26.44 27.95 OK
r-devel-linux-x86_64-fedora-clang 1.0.0 54.58 OK
r-devel-linux-x86_64-fedora-gcc 1.0.0 50.71 OK
r-devel-windows-x86_64 1.0.0 3.00 56.00 59.00 OK
r-patched-linux-x86_64 1.0.0 1.86 31.45 33.31 OK
r-release-linux-x86_64 1.0.0 1.92 31.49 33.41 OK
r-release-macos-arm64 1.0.0 22.00 OK
r-release-macos-x86_64 1.0.0 37.00 OK
r-release-windows-x86_64 1.0.0 3.00 57.00 60.00 OK
r-oldrel-macos-arm64 1.0.0 22.00 NOTE
r-oldrel-macos-x86_64 1.0.0 31.00 NOTE
r-oldrel-windows-x86_64 1.0.0 3.00 61.00 64.00 NOTE

Check Details

Version: 1.0.0
Check: LazyData
Result: NOTE 'LazyData' is specified without a 'data' directory Flavors: r-oldrel-macos-arm64, r-oldrel-macos-x86_64, r-oldrel-windows-x86_64