Last updated on 2025-04-30 04:50:21 CEST.
Flavor | Version | Tinstall | Tcheck | Ttotal | Status | Flags |
---|---|---|---|---|---|---|
r-devel-linux-x86_64-debian-clang | 1.0-3 | 2.55 | 64.15 | 66.70 | NOTE | |
r-devel-linux-x86_64-debian-gcc | 1.0-3 | 1.99 | 44.73 | 46.72 | NOTE | |
r-devel-linux-x86_64-fedora-clang | 1.0-3 | 106.00 | OK | |||
r-devel-linux-x86_64-fedora-gcc | 1.0-3 | 112.86 | OK | |||
r-devel-windows-x86_64 | 1.0-3 | 4.00 | 82.00 | 86.00 | OK | |
r-patched-linux-x86_64 | 1.0-3 | 2.86 | 61.56 | 64.42 | OK | |
r-release-linux-x86_64 | 1.0-3 | 2.51 | 61.52 | 64.03 | OK | |
r-release-macos-arm64 | 1.0-3 | 43.00 | OK | |||
r-release-macos-x86_64 | 1.0-3 | 70.00 | OK | |||
r-release-windows-x86_64 | 1.0-3 | 4.00 | 80.00 | 84.00 | OK | |
r-oldrel-macos-arm64 | 1.0-3 | 36.00 | NOTE | |||
r-oldrel-macos-x86_64 | 1.0-3 | 56.00 | NOTE | |||
r-oldrel-windows-x86_64 | 1.0-3 | 6.00 | 94.00 | 100.00 | NOTE |
Version: 1.0-3
Check: CRAN incoming feasibility
Result: NOTE
Maintainer: ‘Bert Gunter <bgunter@comcast.net>’
Found the following \keyword or \concept entries
which likely give several index terms:
File ‘strucplot.Rd’:
\concept{
structured plots,structured trellis plot [TRUNCATED]
Flavors: r-devel-linux-x86_64-debian-clang, r-devel-linux-x86_64-debian-gcc
Version: 1.0-3
Check: examples
Result: NOTE
Examples with CPU (user + system) or elapsed time > 5s
user system elapsed
strucplot 5.466 0.003 7.031
Flavor: r-devel-linux-x86_64-debian-clang
Version: 1.0-3
Check: LazyData
Result: NOTE
'LazyData' is specified without a 'data' directory
Flavors: r-oldrel-macos-arm64, r-oldrel-macos-x86_64, r-oldrel-windows-x86_64