Last updated on 2025-04-30 04:50:21 CEST.
Flavor | Version | Tinstall | Tcheck | Ttotal | Status | Flags |
---|---|---|---|---|---|---|
r-devel-linux-x86_64-debian-clang | 1.4 | 35.95 | 99.87 | 135.82 | NOTE | |
r-devel-linux-x86_64-debian-gcc | 1.4 | 23.14 | 68.93 | 92.07 | NOTE | |
r-devel-linux-x86_64-fedora-clang | 1.4 | 222.01 | OK | |||
r-devel-linux-x86_64-fedora-gcc | 1.4 | 216.06 | OK | |||
r-devel-windows-x86_64 | 1.4 | 41.00 | 140.00 | 181.00 | OK | |
r-patched-linux-x86_64 | 1.4 | 33.09 | 94.59 | 127.68 | OK | |
r-release-linux-x86_64 | 1.4 | 32.26 | 92.15 | 124.41 | OK | |
r-release-macos-arm64 | 1.4 | 65.00 | OK | |||
r-release-macos-x86_64 | 1.4 | 124.00 | OK | |||
r-release-windows-x86_64 | 1.4 | 40.00 | 138.00 | 178.00 | OK | |
r-oldrel-macos-arm64 | 1.4 | 68.00 | OK | |||
r-oldrel-macos-x86_64 | 1.4 | 114.00 | OK | |||
r-oldrel-windows-x86_64 | 1.4 | 46.00 | 170.00 | 216.00 | OK |
Version: 1.4
Check: examples
Result: NOTE
Examples with CPU (user + system) or elapsed time > 5s
user system elapsed
sts 8.425 0.182 14.343
Flavor: r-devel-linux-x86_64-debian-clang
Version: 1.4
Check: examples
Result: NOTE
Examples with CPU (user + system) or elapsed time > 5s
user system elapsed
sts 5.277 0.103 6.821
Flavor: r-devel-linux-x86_64-debian-gcc