Last updated on 2025-04-30 04:50:21 CEST.
Flavor | Version | Tinstall | Tcheck | Ttotal | Status | Flags |
---|---|---|---|---|---|---|
r-devel-linux-x86_64-debian-clang | 0.1.0 | 14.73 | 234.04 | 248.77 | NOTE | |
r-devel-linux-x86_64-debian-gcc | 0.1.0 | 9.08 | 163.00 | 172.08 | NOTE | |
r-devel-linux-x86_64-fedora-clang | 0.1.0 | 366.27 | OK | |||
r-devel-linux-x86_64-fedora-gcc | 0.1.0 | 367.78 | OK | |||
r-devel-windows-x86_64 | 0.1.0 | 15.00 | 247.00 | 262.00 | OK | |
r-patched-linux-x86_64 | 0.1.0 | 14.75 | 225.20 | 239.95 | OK | |
r-release-linux-x86_64 | 0.1.0 | 13.66 | 222.08 | 235.74 | OK | |
r-release-macos-arm64 | 0.1.0 | 125.00 | OK | |||
r-release-macos-x86_64 | 0.1.0 | 244.00 | OK | |||
r-release-windows-x86_64 | 0.1.0 | 16.00 | 250.00 | 266.00 | OK | |
r-oldrel-macos-arm64 | 0.1.0 | 107.00 | OK | |||
r-oldrel-macos-x86_64 | 0.1.0 | 171.00 | NOTE | |||
r-oldrel-windows-x86_64 | 0.1.0 | 20.00 | 307.00 | 327.00 | OK |
Version: 0.1.0
Check: examples
Result: NOTE
Examples with CPU (user + system) or elapsed time > 5s
user system elapsed
semivariogram 7.073 0.159 11.501
spatial_snapshots 5.909 0.248 10.078
ridgeline 3.480 0.089 5.051
Flavor: r-devel-linux-x86_64-debian-clang
Version: 0.1.0
Check: examples
Result: NOTE
Examples with CPU (user + system) or elapsed time > 5s
user system elapsed
semivariogram 4.919 0.209 6.832
Flavor: r-devel-linux-x86_64-debian-gcc
Version: 0.1.0
Check: installed package size
Result: NOTE
installed size is 5.1Mb
sub-directories of 1Mb or more:
data 3.1Mb
doc 1.3Mb
Flavor: r-oldrel-macos-x86_64