Last updated on 2025-02-22 05:51:52 CET.
Flavor | Version | Tinstall | Tcheck | Ttotal | Status | Flags |
---|---|---|---|---|---|---|
r-devel-linux-x86_64-debian-clang | 1.2 | 2.05 | 20.65 | 22.70 | NOTE | |
r-devel-linux-x86_64-debian-gcc | 1.2 | 1.50 | 16.39 | 17.89 | NOTE | |
r-devel-linux-x86_64-fedora-clang | 1.2 | 37.79 | NOTE | |||
r-devel-linux-x86_64-fedora-gcc | 1.2 | 34.19 | NOTE | |||
r-devel-macos-arm64 | 1.2 | 16.00 | NOTE | |||
r-devel-macos-x86_64 | 1.2 | 24.00 | NOTE | |||
r-devel-windows-x86_64 | 1.2 | 5.00 | 43.00 | 48.00 | NOTE | |
r-patched-linux-x86_64 | 1.2 | 1.97 | 19.85 | 21.82 | NOTE | |
r-release-linux-x86_64 | 1.2 | 1.89 | 19.69 | 21.58 | NOTE | |
r-release-macos-arm64 | 1.2 | 15.00 | NOTE | |||
r-release-macos-x86_64 | 1.2 | 22.00 | NOTE | |||
r-release-windows-x86_64 | 1.2 | 2.00 | 41.00 | 43.00 | NOTE | |
r-oldrel-macos-arm64 | 1.2 | 18.00 | OK | |||
r-oldrel-macos-x86_64 | 1.2 | 23.00 | OK | |||
r-oldrel-windows-x86_64 | 1.2 | 5.00 | 44.00 | 49.00 | OK |
Version: 1.2
Check: Rd files
Result: NOTE
checkRd: (-1) subdetect-package.Rd:11: Lost braces in \itemize; meant \describe ?
checkRd: (-1) subdetect-package.Rd:12: Lost braces in \itemize; meant \describe ?
Flavors: r-devel-linux-x86_64-debian-clang, r-devel-linux-x86_64-debian-gcc, r-devel-linux-x86_64-fedora-clang, r-devel-linux-x86_64-fedora-gcc, r-devel-macos-arm64, r-devel-macos-x86_64, r-devel-windows-x86_64, r-patched-linux-x86_64, r-release-linux-x86_64, r-release-macos-arm64, r-release-macos-x86_64, r-release-windows-x86_64