Last updated on 2025-04-30 04:50:21 CEST.
Flavor | Version | Tinstall | Tcheck | Ttotal | Status | Flags |
---|---|---|---|---|---|---|
r-devel-linux-x86_64-debian-clang | 3.3 | 10.43 | 87.87 | 98.30 | NOTE | |
r-devel-linux-x86_64-debian-gcc | 3.3 | 7.39 | 63.71 | 71.10 | OK | |
r-devel-linux-x86_64-fedora-clang | 3.3 | 159.16 | OK | |||
r-devel-linux-x86_64-fedora-gcc | 3.3 | 149.00 | OK | |||
r-devel-windows-x86_64 | 3.3 | 11.00 | 104.00 | 115.00 | OK | |
r-patched-linux-x86_64 | 3.3 | 8.84 | 83.76 | 92.60 | OK | |
r-release-linux-x86_64 | 3.3 | 10.46 | 83.08 | 93.54 | OK | |
r-release-macos-arm64 | 3.3 | 59.00 | OK | |||
r-release-macos-x86_64 | 3.3 | 101.00 | OK | |||
r-release-windows-x86_64 | 3.3 | 11.00 | 102.00 | 113.00 | OK | |
r-oldrel-macos-arm64 | 3.3 | 43.00 | OK | |||
r-oldrel-macos-x86_64 | 3.3 | 65.00 | OK | |||
r-oldrel-windows-x86_64 | 3.3 | 15.00 | 122.00 | 137.00 | OK |
Version: 3.3
Check: examples
Result: NOTE
Examples with CPU (user + system) or elapsed time > 5s
user system elapsed
Yen.Q3 5.656 0.132 7.732
Flavor: r-devel-linux-x86_64-debian-clang