CRAN Package Check Results for Package success

Last updated on 2025-04-30 04:50:21 CEST.

Flavor Version Tinstall Tcheck Ttotal Status Flags
r-devel-linux-x86_64-debian-clang 1.1.0 15.52 230.57 246.09 NOTE
r-devel-linux-x86_64-debian-gcc 1.1.0 10.26 156.53 166.79 NOTE
r-devel-linux-x86_64-fedora-clang 1.1.0 387.21 OK
r-devel-linux-x86_64-fedora-gcc 1.1.0 401.10 OK
r-devel-windows-x86_64 1.1.0 15.00 265.00 280.00 OK
r-patched-linux-x86_64 1.1.0 16.50 221.02 237.52 OK
r-release-linux-x86_64 1.1.0 14.63 221.01 235.64 OK
r-release-macos-arm64 1.1.0 109.00 OK
r-release-macos-x86_64 1.1.0 257.00 OK
r-release-windows-x86_64 1.1.0 17.00 251.00 268.00 OK
r-oldrel-macos-arm64 1.1.0 109.00 OK
r-oldrel-macos-x86_64 1.1.0 291.00 OK
r-oldrel-windows-x86_64 1.1.0 20.00 321.00 341.00 OK

Check Details

Version: 1.1.0
Check: examples
Result: NOTE Examples with CPU (user + system) or elapsed time > 5s user system elapsed breast 4.691 0.012 5.345 Flavor: r-devel-linux-x86_64-debian-clang

Version: 1.1.0
Check: examples
Result: NOTE Examples with CPU (user + system) or elapsed time > 5s user system elapsed bernoulli_RL_cdf 4.081 0.035 5.611 Flavor: r-devel-linux-x86_64-debian-gcc