Last updated on 2025-04-30 04:50:21 CEST.
Flavor | Version | Tinstall | Tcheck | Ttotal | Status | Flags |
---|---|---|---|---|---|---|
r-devel-linux-x86_64-debian-clang | 0.95.19 | 10.49 | 387.83 | 398.32 | NOTE | |
r-devel-linux-x86_64-debian-gcc | 0.95.19 | 7.37 | 269.61 | 276.98 | OK | |
r-devel-linux-x86_64-fedora-clang | 0.95.19 | 624.07 | OK | |||
r-devel-linux-x86_64-fedora-gcc | 0.95.19 | 595.45 | OK | |||
r-devel-windows-x86_64 | 0.95.19 | 14.00 | 399.00 | 413.00 | ERROR | |
r-patched-linux-x86_64 | 0.95.19 | 12.92 | 373.75 | 386.67 | OK | |
r-release-linux-x86_64 | 0.95.19 | 10.70 | 376.60 | 387.30 | OK | |
r-release-macos-arm64 | 0.95.19 | 215.00 | OK | |||
r-release-macos-x86_64 | 0.95.19 | 406.00 | OK | |||
r-release-windows-x86_64 | 0.95.19 | 14.00 | 403.00 | 417.00 | OK | |
r-oldrel-macos-arm64 | 0.95.19 | 198.00 | OK | |||
r-oldrel-macos-x86_64 | 0.95.19 | 310.00 | OK | |||
r-oldrel-windows-x86_64 | 0.95.19 | 16.00 | 514.00 | 530.00 | OK |
Version: 0.95.19
Check: examples
Result: NOTE
Examples with CPU (user + system) or elapsed time > 5s
user system elapsed
showSignificance 4.082 0.011 5.020
superbPlot.boxplot 3.561 0.014 5.048
Flavor: r-devel-linux-x86_64-debian-clang
Version: 0.95.19
Check: re-building of vignette outputs
Result: ERROR
Error(s) in re-building vignettes:
--- re-building 'CustomizingSuperbPlots.Rmd' using rmarkdown
--- finished re-building 'CustomizingSuperbPlots.Rmd'
--- re-building 'TheMakingOf.Rmd' using rmarkdown
--- finished re-building 'TheMakingOf.Rmd'
--- re-building 'Vignette1.Rmd' using rmarkdown
--- finished re-building 'Vignette1.Rmd'
--- re-building 'Vignette2.Rmd' using rmarkdown
--- finished re-building 'Vignette2.Rmd'
--- re-building 'Vignette3.Rmd' using rmarkdown
--- finished re-building 'Vignette3.Rmd'
--- re-building 'Vignette4.Rmd' using rmarkdown
--- finished re-building 'Vignette4.Rmd'
--- re-building 'Vignette5.Rmd' using rmarkdown
--- finished re-building 'Vignette5.Rmd'
--- re-building 'Vignette6.Rmd' using rmarkdown
--- finished re-building 'Vignette6.Rmd'
--- re-building 'Vignette7.Rmd' using rmarkdown
--- finished re-building 'Vignette7.Rmd'
--- re-building 'Vignette8.Rmd' using rmarkdown
--- finished re-building 'Vignette8.Rmd'
--- re-building 'Vignette9.Rmd' using rmarkdown
--- finished re-building 'Vignette9.Rmd'
--- re-building 'VignetteA.Rmd' using rmarkdown
--- finished re-building 'VignetteA.Rmd'
--- re-building 'VignetteB.Rmd' using rmarkdown
--- finished re-building 'VignetteB.Rmd'
--- re-building 'VignetteC.Rmd' using rmarkdown
--- finished re-building 'VignetteC.Rmd'
--- re-building 'VignetteD.Rmd' using rmarkdown
--- finished re-building 'VignetteD.Rmd'
--- re-building 'VignetteE.Rmd' using rmarkdown
--- finished re-building 'VignetteE.Rmd'
--- re-building 'VignetteF.Rmd' using rmarkdown
--- finished re-building 'VignetteF.Rmd'
--- re-building 'VignetteG.Rmd' using rmarkdown
Quitting from VignetteG.Rmd:86-90 [unnamed-chunk-2]
~~~~~~~~~~~~~~~~~~~~~~~~~~~~~~~~~~~~~~~~~~~~~~~~~~~~~~~~~~~~~~~~~~~~~~~~~~~~~~~~
<error/rlang_error>
Error in `open.connection()`:
! cannot open the connection to 'https://raw.githubusercontent.com/mwaskom/seaborn-data/de49440879bea4d563ccefe671fd7584cba08983/fmri.csv'
---
Backtrace:
▆
1. └─utils::read.csv(url("https://raw.githubusercontent.com/mwaskom/seaborn-data/de49440879bea4d563ccefe671fd7584cba08983/fmri.csv"))
2. └─utils::read.table(...)
3. ├─base::open(file, "rt")
4. └─base::open.connection(file, "rt")
~~~~~~~~~~~~~~~~~~~~~~~~~~~~~~~~~~~~~~~~~~~~~~~~~~~~~~~~~~~~~~~~~~~~~~~~~~~~~~~~
Error: processing vignette 'VignetteG.Rmd' failed with diagnostics:
cannot open the connection to 'https://raw.githubusercontent.com/mwaskom/seaborn-data/de49440879bea4d563ccefe671fd7584cba08983/fmri.csv'
--- failed re-building 'VignetteG.Rmd'
--- re-building 'VignetteH.Rmd' using rmarkdown
--- finished re-building 'VignetteH.Rmd'
SUMMARY: processing the following file failed:
'VignetteG.Rmd'
Error: Vignette re-building failed.
Execution halted
Flavor: r-devel-windows-x86_64